Last updated on 2025-06-30 15:49:52 CEST.
Flavor | Version | Tinstall | Tcheck | Ttotal | Status | Flags |
---|---|---|---|---|---|---|
r-devel-linux-x86_64-debian-clang | 2.2.5 | 7.07 | 69.95 | 77.02 | OK | |
r-devel-linux-x86_64-debian-gcc | 2.2.5 | 4.73 | 48.36 | 53.09 | ERROR | |
r-devel-linux-x86_64-fedora-clang | 2.2.5 | 112.14 | OK | |||
r-devel-linux-x86_64-fedora-gcc | 2.2.5 | 105.05 | OK | |||
r-devel-windows-x86_64 | 2.2.5 | 11.00 | 89.00 | 100.00 | OK | |
r-patched-linux-x86_64 | OK | |||||
r-release-linux-x86_64 | 2.2.5 | 6.24 | 61.46 | 67.70 | OK | |
r-release-macos-arm64 | 2.2.5 | 35.00 | OK | |||
r-release-macos-x86_64 | 2.2.5 | 59.00 | OK | |||
r-release-windows-x86_64 | 2.2.5 | 11.00 | 93.00 | 104.00 | OK | |
r-oldrel-macos-arm64 | 2.2.5 | 42.00 | OK | |||
r-oldrel-macos-x86_64 | 2.2.5 | 59.00 | OK | |||
r-oldrel-windows-x86_64 | 2.2.5 | 12.00 | 107.00 | 119.00 | OK |
Version: 2.2.5
Check: examples
Result: ERROR
Running examples in ‘spotifyr-Ex.R’ failed
The error most likely occurred in:
> base::assign(".ptime", proc.time(), pos = "CheckExEnv")
> ### Name: scopes
> ### Title: Valid Authorization Scopes
> ### Aliases: scopes
>
> ### ** Examples
>
> scopes()
Error in open.connection(x, "rb") : cannot open the connection
Calls: scopes ... xml_text -> <Anonymous> -> <Anonymous> -> read_html.default
Execution halted
Flavor: r-devel-linux-x86_64-debian-gcc