Last updated on 2025-02-21 13:51:03 CET.
Flavor | Version | Tinstall | Tcheck | Ttotal | Status | Flags |
---|---|---|---|---|---|---|
r-devel-linux-x86_64-debian-clang | 1.0.4 | 47.75 | 194.68 | 242.43 | NOTE | |
r-devel-linux-x86_64-debian-gcc | 1.0.4 | 32.91 | 138.72 | 171.63 | NOTE | |
r-devel-linux-x86_64-fedora-clang | 1.0.4 | 400.68 | NOTE | |||
r-devel-linux-x86_64-fedora-gcc | 1.0.4 | 370.31 | NOTE | |||
r-devel-macos-arm64 | 1.0.4 | 103.00 | NOTE | |||
r-devel-macos-x86_64 | 1.0.4 | 207.00 | NOTE | |||
r-devel-windows-x86_64 | 1.0.4 | 49.00 | 192.00 | 241.00 | NOTE | |
r-patched-linux-x86_64 | 1.0.4 | 42.64 | 182.88 | 225.52 | OK | |
r-release-linux-x86_64 | 1.0.4 | 42.44 | 180.49 | 222.93 | OK | |
r-release-macos-arm64 | 1.0.4 | 101.00 | OK | |||
r-release-macos-x86_64 | 1.0.4 | 165.00 | OK | |||
r-release-windows-x86_64 | 1.0.4 | 49.00 | 189.00 | 238.00 | OK | |
r-oldrel-macos-arm64 | 1.0.4 | 109.00 | OK | |||
r-oldrel-macos-x86_64 | 1.0.4 | 276.00 | OK | |||
r-oldrel-windows-x86_64 | 1.0.4 | 63.00 | 266.00 | 329.00 | OK |
Version: 1.0.4
Check: DESCRIPTION meta-information
Result: NOTE
Missing dependency on R >= 4.1.0 because package code uses the pipe
|> or function shorthand \(...) syntax added in R 4.1.0.
File(s) using such syntax:
‘import_qiime2_tax_table.R’ ‘import_sintax_tax_table.R’
Flavors: r-devel-linux-x86_64-debian-clang, r-devel-linux-x86_64-debian-gcc, r-devel-linux-x86_64-fedora-clang, r-devel-linux-x86_64-fedora-gcc, r-devel-macos-arm64, r-devel-macos-x86_64, r-devel-windows-x86_64