Last updated on 2025-11-04 07:50:09 CET.
| Flavor | Version | Tinstall | Tcheck | Ttotal | Status | Flags | 
|---|---|---|---|---|---|---|
| r-devel-windows-x86_64 | 2.0.0 | 5.00 | 58.00 | 63.00 | OK | |
| r-release-windows-x86_64 | 2.0.0 | 5.00 | 58.00 | 63.00 | OK | |
| r-oldrel-windows-x86_64 | 2.0.0 | 7.00 | 69.00 | 76.00 | NOTE | 
Version: 2.0.0
Check: LazyData
Result: NOTE
    'LazyData' is specified without a 'data' directory
Flavor: r-oldrel-windows-x86_64