Last updated on 2025-06-30 15:49:52 CEST.
Flavor | Version | Tinstall | Tcheck | Ttotal | Status | Flags |
---|---|---|---|---|---|---|
r-devel-linux-x86_64-debian-clang | 0.17.2 | 48.88 | 114.34 | 163.22 | NOTE | |
r-devel-linux-x86_64-debian-gcc | 0.17.2 | 34.13 | 81.10 | 115.23 | NOTE | |
r-devel-linux-x86_64-fedora-clang | 0.17.2 | 282.19 | OK | |||
r-devel-linux-x86_64-fedora-gcc | 0.17.2 | 262.51 | OK | |||
r-devel-windows-x86_64 | 0.17.2 | 62.00 | 184.00 | 246.00 | NOTE | |
r-patched-linux-x86_64 | NOTE | |||||
r-release-linux-x86_64 | 0.17.2 | 43.73 | 106.04 | 149.77 | NOTE | |
r-release-macos-arm64 | 0.17.2 | 71.00 | OK | |||
r-release-macos-x86_64 | 0.17.2 | 141.00 | OK | |||
r-release-windows-x86_64 | 0.17.2 | 61.00 | 204.00 | 265.00 | NOTE | |
r-oldrel-macos-arm64 | 0.17.2 | 65.00 | OK | |||
r-oldrel-macos-x86_64 | 0.17.2 | 97.00 | OK | |||
r-oldrel-windows-x86_64 | 0.17.2 | 72.00 | 213.00 | 285.00 | OK |
Version: 0.17.2
Check: Rd cross-references
Result: NOTE
Found the following Rd file(s) with Rd \link{} targets missing package
anchors:
forecast.spdur.Rd: forecast
Please provide package anchors for all Rd \link{} targets not in the
package itself and the base packages.
Flavors: r-devel-linux-x86_64-debian-clang, r-devel-linux-x86_64-debian-gcc, r-devel-windows-x86_64, r-patched-linux-x86_64, r-release-linux-x86_64, r-release-windows-x86_64