Last updated on 2025-11-04 07:50:09 CET.
| Flavor | Version | Tinstall | Tcheck | Ttotal | Status | Flags |
|---|---|---|---|---|---|---|
| r-devel-linux-x86_64-debian-clang | 0.6-9 | 3.96 | 27.07 | 31.03 | NOTE | |
| r-devel-linux-x86_64-debian-gcc | 0.6-9 | 2.85 | 20.67 | 23.52 | NOTE | |
| r-devel-linux-x86_64-fedora-clang | 0.6-9 | 48.55 | OK | |||
| r-devel-linux-x86_64-fedora-gcc | 0.6-9 | 10.00 | 36.44 | 46.44 | OK | |
| r-devel-windows-x86_64 | 0.6-9 | 5.00 | 38.00 | 43.00 | OK | |
| r-patched-linux-x86_64 | 0.6-9 | 3.82 | 25.84 | 29.66 | OK | |
| r-release-linux-x86_64 | 0.6-9 | 4.34 | 25.82 | 30.16 | OK | |
| r-release-macos-arm64 | 0.6-9 | 2.00 | 15.00 | 17.00 | OK | |
| r-release-macos-x86_64 | 0.6-9 | 3.00 | 26.00 | 29.00 | OK | |
| r-release-windows-x86_64 | 0.6-9 | 4.00 | 38.00 | 42.00 | OK | |
| r-oldrel-macos-arm64 | 0.6-9 | 2.00 | 20.00 | 22.00 | OK | |
| r-oldrel-macos-x86_64 | 0.6-9 | 3.00 | 23.00 | 26.00 | OK | |
| r-oldrel-windows-x86_64 | 0.6-9 | 4.00 | 40.00 | 44.00 | OK |
Version: 0.6-9
Check: CRAN incoming feasibility
Result: NOTE
Maintainer: ‘David Clifford <david.clifford+CRAN@gmail.com>’
No Authors@R field in DESCRIPTION.
Please add one, modifying
Authors@R: person(given = "David",
family = "Clifford",
role = c("aut", "cre"),
email = "david.clifford+CRAN@gmail.com")
as necessary.
Flavors: r-devel-linux-x86_64-debian-clang, r-devel-linux-x86_64-debian-gcc