Last updated on 2025-11-24 07:50:16 CET.
| Flavor | Version | Tinstall | Tcheck | Ttotal | Status | Flags |
|---|---|---|---|---|---|---|
| r-devel-linux-x86_64-debian-clang | 1.7.5 | 7.24 | 63.38 | 70.62 | NOTE | |
| r-devel-linux-x86_64-debian-gcc | 1.7.5 | 5.60 | 47.38 | 52.98 | NOTE | |
| r-devel-linux-x86_64-fedora-clang | 1.7.5 | 18.00 | 96.68 | 114.68 | OK | |
| r-devel-linux-x86_64-fedora-gcc | 1.7.5 | 17.00 | 104.44 | 121.44 | OK | |
| r-devel-windows-x86_64 | 1.7.5 | 19.00 | 95.00 | 114.00 | OK | |
| r-patched-linux-x86_64 | 1.7.5 | 7.23 | 59.66 | 66.89 | OK | |
| r-release-linux-x86_64 | 1.7.5 | 6.37 | 60.72 | 67.09 | OK | |
| r-release-macos-arm64 | 1.7.5 | OK | ||||
| r-release-macos-x86_64 | 1.7.5 | 19.00 | 70.00 | 89.00 | OK | |
| r-release-windows-x86_64 | 1.7.5 | 15.00 | 126.00 | 141.00 | OK | |
| r-oldrel-macos-arm64 | 1.7.5 | OK | ||||
| r-oldrel-macos-x86_64 | 1.7.5 | 12.00 | 66.00 | 78.00 | OK | |
| r-oldrel-windows-x86_64 | 1.7.5 | 17.00 | 114.00 | 131.00 | OK |
Version: 1.7.5
Check: CRAN incoming feasibility
Result: NOTE
Maintainer: ‘Fabio Sigrist <fabiosigrist@gmail.com>’
No Authors@R field in DESCRIPTION.
Please add one, modifying
Authors@R: c(person(given = "Fabio",
family = "Sigrist",
role = c("aut", "cre"),
email = "fabiosigrist@gmail.com"),
person(given = c("Hans", "R."),
family = "Kuensch",
role = "aut"),
person(given = c("Werner", "A."),
family = "Stahel",
role = "aut"))
as necessary.
Flavors: r-devel-linux-x86_64-debian-clang, r-devel-linux-x86_64-debian-gcc