Last updated on 2025-11-04 07:50:09 CET.
| Flavor | Version | Tinstall | Tcheck | Ttotal | Status | Flags | 
|---|---|---|---|---|---|---|
| r-devel-linux-x86_64-debian-clang | 0.2.1 | 114.14 | 235.40 | 349.54 | OK | |
| r-devel-linux-x86_64-debian-gcc | 0.2.1 | 72.73 | 147.00 | 219.73 | OK | |
| r-devel-linux-x86_64-fedora-clang | 0.2.1 | 251.00 | 337.83 | 588.83 | OK | |
| r-devel-linux-x86_64-fedora-gcc | 0.2.1 | 277.00 | 276.83 | 553.83 | OK | |
| r-devel-windows-x86_64 | 0.2.1 | 129.00 | 221.00 | 350.00 | OK | |
| r-patched-linux-x86_64 | 0.2.1 | 114.99 | 224.78 | 339.77 | OK | |
| r-release-linux-x86_64 | 0.2.1 | 111.80 | 225.36 | 337.16 | OK | |
| r-release-macos-arm64 | 0.2.1 | 47.00 | 82.00 | 129.00 | OK | |
| r-release-macos-x86_64 | 0.2.1 | 73.00 | 176.00 | 249.00 | OK | |
| r-release-windows-x86_64 | 0.2.1 | 126.00 | 223.00 | 349.00 | OK | |
| r-oldrel-macos-arm64 | 0.2.1 | 47.00 | 82.00 | 129.00 | NOTE | |
| r-oldrel-macos-x86_64 | 0.2.1 | 65.00 | 157.00 | 222.00 | NOTE | |
| r-oldrel-windows-x86_64 | 0.2.1 | 156.00 | 287.00 | 443.00 | OK | 
Version: 0.2.1
Check: installed package size
Result: NOTE
    installed size is  5.1Mb
    sub-directories of 1Mb or more:
      R      2.0Mb
      libs   2.4Mb
Flavors: r-oldrel-macos-arm64, r-oldrel-macos-x86_64