Last updated on 2025-06-30 15:49:51 CEST.
Flavor | Version | Tinstall | Tcheck | Ttotal | Status | Flags |
---|---|---|---|---|---|---|
r-devel-linux-x86_64-debian-clang | 0.2.1 | 113.25 | 238.89 | 352.14 | OK | |
r-devel-linux-x86_64-debian-gcc | 0.2.1 | 74.92 | 142.66 | 217.58 | OK | |
r-devel-linux-x86_64-fedora-clang | 0.2.1 | 604.40 | OK | |||
r-devel-linux-x86_64-fedora-gcc | 0.2.1 | 550.06 | OK | |||
r-devel-windows-x86_64 | 0.2.1 | 127.00 | 228.00 | 355.00 | OK | |
r-patched-linux-x86_64 | OK | |||||
r-release-linux-x86_64 | 0.2.1 | 116.23 | 220.41 | 336.64 | OK | |
r-release-macos-arm64 | 0.2.1 | 129.00 | OK | |||
r-release-macos-x86_64 | 0.2.1 | 249.00 | OK | |||
r-release-windows-x86_64 | 0.2.1 | 125.00 | 225.00 | 350.00 | OK | |
r-oldrel-macos-arm64 | 0.2.1 | 129.00 | NOTE | |||
r-oldrel-macos-x86_64 | 0.2.1 | 222.00 | NOTE | |||
r-oldrel-windows-x86_64 | 0.2.1 | 157.00 | 282.00 | 439.00 | OK |
Version: 0.2.1
Check: installed package size
Result: NOTE
installed size is 5.1Mb
sub-directories of 1Mb or more:
R 2.0Mb
libs 2.4Mb
Flavors: r-oldrel-macos-arm64, r-oldrel-macos-x86_64