CRAN Package Check Results for Package somspace

Last updated on 2025-11-25 07:50:11 CET.

Flavor Version Tinstall Tcheck Ttotal Status Flags
r-devel-linux-x86_64-debian-clang 1.2.4 9.27 67.09 76.36 NOTE
r-devel-linux-x86_64-debian-gcc 1.2.4 7.41 49.71 57.12 NOTE
r-devel-linux-x86_64-fedora-clang 1.2.4 20.00 98.74 118.74 OK
r-devel-linux-x86_64-fedora-gcc 1.2.4 22.00 107.18 129.18 OK
r-devel-windows-x86_64 1.2.4 12.00 82.00 94.00 NOTE
r-patched-linux-x86_64 1.2.4 9.88 64.14 74.02 NOTE
r-release-linux-x86_64 1.2.4 10.15 63.52 73.67 NOTE
r-release-macos-arm64 1.2.4 OK
r-release-macos-x86_64 1.2.4 11.00 66.00 77.00 OK
r-release-windows-x86_64 1.2.4 12.00 88.00 100.00 NOTE
r-oldrel-macos-arm64 1.2.4 OK
r-oldrel-macos-x86_64 1.2.4 10.00 59.00 69.00 OK
r-oldrel-windows-x86_64 1.2.4 16.00 99.00 115.00 OK

Check Details

Version: 1.2.4
Check: Rd cross-references
Result: NOTE Found the following Rd file(s) with Rd \link{} targets missing package anchors: somsp.Rd: kohonen somspa.Rd: kohonen, som Please provide package anchors for all Rd \link{} targets not in the package itself and the base packages. Flavors: r-devel-linux-x86_64-debian-clang, r-devel-linux-x86_64-debian-gcc, r-devel-windows-x86_64, r-patched-linux-x86_64, r-release-linux-x86_64, r-release-windows-x86_64