Last updated on 2025-11-24 07:50:15 CET.
| Flavor | Version | Tinstall | Tcheck | Ttotal | Status | Flags |
|---|---|---|---|---|---|---|
| r-devel-linux-x86_64-debian-clang | 4.4.3 | 103.84 | 129.83 | 233.67 | NOTE | --no-vignettes |
| r-devel-linux-x86_64-debian-gcc | 4.4.3 | 72.43 | 89.38 | 161.81 | NOTE | --no-vignettes |
| r-devel-linux-x86_64-fedora-clang | 4.4.3 | 140.00 | 207.41 | 347.41 | NOTE | |
| r-devel-linux-x86_64-fedora-gcc | 4.4.3 | 223.00 | 373.45 | 596.45 | NOTE | |
| r-devel-windows-x86_64 | 4.4.3 | 103.00 | 172.00 | 275.00 | NOTE | --no-vignettes |
| r-patched-linux-x86_64 | 4.4.3 | 107.44 | 120.60 | 228.04 | OK | --no-vignettes |
| r-release-linux-x86_64 | 4.4.3 | 102.70 | 122.84 | 225.54 | OK | --no-vignettes |
| r-release-macos-arm64 | 4.4.3 | OK | ||||
| r-release-macos-x86_64 | 4.4.3 | 84.00 | 293.00 | 377.00 | OK | |
| r-release-windows-x86_64 | 4.4.3 | 102.00 | 195.00 | 297.00 | OK | --no-vignettes |
| r-oldrel-macos-arm64 | 4.4.3 | NOTE | ||||
| r-oldrel-macos-x86_64 | 4.4.3 | 53.00 | 316.00 | 369.00 | NOTE | |
| r-oldrel-windows-x86_64 | 4.4.3 | 121.00 | 221.00 | 342.00 | NOTE | --no-vignettes |
Version: 4.4.3
Flags: --no-vignettes
Check: Rd files
Result: NOTE
checkRd: (-1) sommer-package.Rd:12: height/width attributes should be in pixels
checkRd: (-1) sommer-package.Rd:188: height/width attributes should be in pixels
checkRd: (-1) sommer-package.Rd:197: height/width attributes should be in pixels
checkRd: (-1) sommer-package.Rd:207: height/width attributes should be in pixels
checkRd: (-1) sommer-package.Rd:217: height/width attributes should be in pixels
Flavors: r-devel-linux-x86_64-debian-clang, r-devel-linux-x86_64-debian-gcc, r-devel-windows-x86_64
Version: 4.4.3
Check: Rd files
Result: NOTE
checkRd: (-1) sommer-package.Rd:12: height/width attributes should be in pixels
checkRd: (-1) sommer-package.Rd:188: height/width attributes should be in pixels
checkRd: (-1) sommer-package.Rd:197: height/width attributes should be in pixels
checkRd: (-1) sommer-package.Rd:207: height/width attributes should be in pixels
checkRd: (-1) sommer-package.Rd:217: height/width attributes should be in pixels
Flavors: r-devel-linux-x86_64-fedora-clang, r-devel-linux-x86_64-fedora-gcc
Version: 4.4.3
Check: installed package size
Result: NOTE
installed size is 16.0Mb
sub-directories of 1Mb or more:
data 3.3Mb
libs 11.4Mb
Flavors: r-oldrel-macos-arm64, r-oldrel-macos-x86_64
Version: 4.4.3
Flags: --no-vignettes
Check: installed package size
Result: NOTE
installed size is 6.1Mb
sub-directories of 1Mb or more:
data 2.9Mb
libs 1.8Mb
Flavor: r-oldrel-windows-x86_64