Last updated on 2025-02-22 12:50:51 CET.
Flavor | Version | Tinstall | Tcheck | Ttotal | Status | Flags |
---|---|---|---|---|---|---|
r-devel-linux-x86_64-debian-clang | 1.0.0 | 2.05 | 20.39 | 22.44 | OK | |
r-devel-linux-x86_64-debian-gcc | 1.0.0 | 1.70 | 16.39 | 18.09 | OK | |
r-devel-linux-x86_64-fedora-clang | 1.0.0 | 34.91 | OK | |||
r-devel-linux-x86_64-fedora-gcc | 1.0.0 | 33.27 | OK | |||
r-devel-macos-arm64 | 1.0.0 | 15.00 | OK | |||
r-devel-macos-x86_64 | 1.0.0 | 27.00 | OK | |||
r-devel-windows-x86_64 | 1.0.0 | 4.00 | 45.00 | 49.00 | OK | |
r-patched-linux-x86_64 | 1.0.0 | 2.39 | 19.63 | 22.02 | NOTE | |
r-release-linux-x86_64 | 1.0.0 | 2.04 | 19.35 | 21.39 | NOTE | |
r-release-macos-arm64 | 1.0.0 | 14.00 | NOTE | |||
r-release-macos-x86_64 | 1.0.0 | 22.00 | NOTE | |||
r-release-windows-x86_64 | 1.0.0 | 3.00 | 45.00 | 48.00 | NOTE | |
r-oldrel-macos-arm64 | 1.0.0 | 15.00 | NOTE | |||
r-oldrel-macos-x86_64 | 1.0.0 | 20.00 | NOTE | |||
r-oldrel-windows-x86_64 | 1.0.0 | 4.00 | 48.00 | 52.00 | NOTE |
Version: 1.0.0
Check: LazyData
Result: NOTE
'LazyData' is specified without a 'data' directory
Flavors: r-patched-linux-x86_64, r-release-linux-x86_64, r-release-macos-arm64, r-release-macos-x86_64, r-release-windows-x86_64, r-oldrel-macos-arm64, r-oldrel-macos-x86_64, r-oldrel-windows-x86_64