Last updated on 2025-11-24 07:50:15 CET.
| Flavor | Version | Tinstall | Tcheck | Ttotal | Status | Flags |
|---|---|---|---|---|---|---|
| r-devel-linux-x86_64-debian-clang | 2.3.1 | 1.72 | 26.52 | 28.24 | NOTE | |
| r-devel-linux-x86_64-debian-gcc | 2.3.1 | 1.61 | 20.84 | 22.45 | NOTE | |
| r-devel-linux-x86_64-fedora-clang | 2.3.1 | 42.22 | OK | |||
| r-devel-linux-x86_64-fedora-gcc | 2.3.1 | 39.86 | OK | |||
| r-devel-windows-x86_64 | 2.3.1 | 5.00 | 49.00 | 54.00 | OK | |
| r-patched-linux-x86_64 | 2.3.1 | 2.26 | 24.84 | 27.10 | OK | |
| r-release-linux-x86_64 | 2.3.1 | 2.05 | 24.75 | 26.80 | OK | |
| r-release-macos-arm64 | 2.3.1 | OK | ||||
| r-release-macos-x86_64 | 2.3.1 | 2.00 | 26.00 | 28.00 | OK | |
| r-release-windows-x86_64 | 2.3.1 | 4.00 | 61.00 | 65.00 | OK | |
| r-oldrel-macos-arm64 | 2.3.1 | OK | ||||
| r-oldrel-macos-x86_64 | 2.3.1 | 2.00 | 25.00 | 27.00 | OK | |
| r-oldrel-windows-x86_64 | 2.3.1 | 4.00 | 55.00 | 59.00 | OK |
Version: 2.3.1
Check: CRAN incoming feasibility
Result: NOTE
Maintainer: ‘Dimitris Kavroudakis <dimitris123@gmail.com>’
No Authors@R field in DESCRIPTION.
Please add one, modifying
Authors@R: person(given = "Dimitris",
family = "Kavroudakis",
role = c("aut", "cre"),
email = "dimitris123@gmail.com")
as necessary.
Flavors: r-devel-linux-x86_64-debian-clang, r-devel-linux-x86_64-debian-gcc