CRAN Package Check Results for Package smartmap

Last updated on 2025-11-16 07:49:51 CET.

Flavor Version Tinstall Tcheck Ttotal Status Flags
r-devel-linux-x86_64-debian-clang 0.1.1 4.43 44.00 48.43 NOTE
r-devel-linux-x86_64-debian-gcc 0.1.1 2.99 35.29 38.28 NOTE
r-devel-linux-x86_64-fedora-clang 0.1.1 12.00 62.50 74.50 NOTE
r-devel-linux-x86_64-fedora-gcc 0.1.1 29.00 50.01 79.01 NOTE
r-devel-windows-x86_64 0.1.1 10.00 56.00 66.00 NOTE
r-patched-linux-x86_64 0.1.1 3.81 40.96 44.77 NOTE
r-release-linux-x86_64 0.1.1 3.41 41.52 44.93 NOTE
r-release-macos-arm64 0.1.1 2.00 22.00 24.00 NOTE
r-release-macos-x86_64 0.1.1 4.00 38.00 42.00 NOTE
r-release-windows-x86_64 0.1.1 7.00 54.00 61.00 NOTE
r-oldrel-macos-arm64 0.1.1 2.00 21.00 23.00 NOTE
r-oldrel-macos-x86_64 0.1.1 3.00 34.00 37.00 NOTE
r-oldrel-windows-x86_64 0.1.1 9.00 64.00 73.00 NOTE

Check Details

Version: 0.1.1
Check: package subdirectories
Result: NOTE Problems with news in ‘NEWS.md’: No news entries found. Flavors: r-devel-linux-x86_64-debian-clang, r-devel-linux-x86_64-debian-gcc, r-devel-linux-x86_64-fedora-clang, r-devel-linux-x86_64-fedora-gcc, r-devel-windows-x86_64, r-patched-linux-x86_64, r-release-linux-x86_64, r-release-macos-arm64, r-release-macos-x86_64, r-release-windows-x86_64, r-oldrel-macos-arm64, r-oldrel-macos-x86_64, r-oldrel-windows-x86_64

Version: 0.1.1
Check: LazyData
Result: NOTE 'LazyData' is specified without a 'data' directory Flavors: r-oldrel-macos-arm64, r-oldrel-macos-x86_64, r-oldrel-windows-x86_64