Last updated on 2025-10-15 09:53:05 CEST.
Flavor | Version | Tinstall | Tcheck | Ttotal | Status | Flags |
---|---|---|---|---|---|---|
r-devel-linux-x86_64-debian-clang | 1.0.0 | 18.29 | 268.36 | 286.65 | OK | |
r-devel-linux-x86_64-debian-gcc | 1.0.0 | 12.70 | 170.87 | 183.57 | OK | |
r-devel-linux-x86_64-fedora-clang | 1.0.0 | 262.86 | ERROR | |||
r-devel-linux-x86_64-fedora-gcc | 1.0.0 | 456.47 | NOTE | |||
r-devel-windows-x86_64 | 1.0.0 | 20.00 | 473.00 | 493.00 | OK | |
r-patched-linux-x86_64 | 1.0.0 | 17.21 | 253.51 | 270.72 | OK | |
r-release-linux-x86_64 | 1.0.0 | 16.23 | 250.42 | 266.65 | OK | |
r-release-macos-arm64 | 1.0.0 | 319.00 | OK | |||
r-release-macos-x86_64 | 1.0.0 | 444.00 | OK | |||
r-release-windows-x86_64 | 1.0.0 | 17.00 | 469.00 | 486.00 | OK | |
r-oldrel-macos-arm64 | 1.0.0 | 305.00 | OK | |||
r-oldrel-macos-x86_64 | 1.0.0 | 386.00 | OK | |||
r-oldrel-windows-x86_64 | 1.0.0 | 26.00 | 568.00 | 594.00 | OK |
Version: 1.0.0
Check: dependencies in R code
Result: NOTE
Namespaces in Imports field not imported from:
‘numDeriv’ ‘png’
All declared Imports should be used.
Flavors: r-devel-linux-x86_64-fedora-clang, r-devel-linux-x86_64-fedora-gcc
Version: 1.0.0
Check: re-building of vignette outputs
Result: ERROR
Error(s) in re-building vignettes:
--- re-building ‘skyscapeR.Rmd’ using rmarkdown
Quitting from skyscapeR.Rmd:196-199 [unnamed-chunk-16]
~~~~~~~~~~~~~~~~~~~~~~~~~~~~~~~~~~~~~~~~~~~~~~~~~~~~~~~~~~~~~~~~~~~~~~~~~~~~~~~~
<error/rlang_error>
Error in `while (t == 0) {
test <- httr::GET(url = paste0("http://www.heywhatsthat.com/api/ready?src=",
src, "&id=", HWT.ID))
t <- as.numeric(substr(httr::content(test), 1, 1))
Sys.sleep(60)
}`:
! argument is of length zero
---
Backtrace:
▆
1. └─skyscapeR::createHWT(...)
~~~~~~~~~~~~~~~~~~~~~~~~~~~~~~~~~~~~~~~~~~~~~~~~~~~~~~~~~~~~~~~~~~~~~~~~~~~~~~~~
Error: processing vignette 'skyscapeR.Rmd' failed with diagnostics:
argument is of length zero
--- failed re-building ‘skyscapeR.Rmd’
SUMMARY: processing the following file failed:
‘skyscapeR.Rmd’
Error: Vignette re-building failed.
Execution halted
Flavor: r-devel-linux-x86_64-fedora-clang