Last updated on 2025-02-22 12:50:51 CET.
Flavor | Version | Tinstall | Tcheck | Ttotal | Status | Flags |
---|---|---|---|---|---|---|
r-devel-linux-x86_64-debian-clang | 2.8.10 | 7.90 | 94.61 | 102.51 | NOTE | |
r-devel-linux-x86_64-debian-gcc | 2.8.10 | 4.55 | 72.45 | 77.00 | NOTE | |
r-devel-linux-x86_64-fedora-clang | 2.8.10 | 154.59 | OK | |||
r-devel-linux-x86_64-fedora-gcc | 2.8.10 | 160.32 | OK | |||
r-devel-macos-arm64 | 2.8.10 | 52.00 | OK | |||
r-devel-macos-x86_64 | 2.8.10 | 109.00 | OK | |||
r-devel-windows-x86_64 | 2.8.10 | 11.00 | 121.00 | 132.00 | NOTE | |
r-patched-linux-x86_64 | 2.8.10 | 11.59 | 86.51 | 98.10 | OK | |
r-release-linux-x86_64 | 2.8.10 | 7.63 | 85.76 | 93.39 | OK | |
r-release-macos-arm64 | 2.8.10 | 68.00 | OK | |||
r-release-macos-x86_64 | 2.8.10 | 77.00 | OK | |||
r-release-windows-x86_64 | 2.8.10 | 10.00 | 118.00 | 128.00 | OK | |
r-oldrel-macos-arm64 | 2.8.10 | 54.00 | OK | |||
r-oldrel-macos-x86_64 | 2.8.10 | 107.00 | OK | |||
r-oldrel-windows-x86_64 | 2.8.10 | 12.00 | 142.00 | 154.00 | OK |
Version: 2.8.10
Check: Rd cross-references
Result: NOTE
Found the following Rd file(s) with Rd \link{} targets missing package
anchors:
to_value.Rd: set_labels
Please provide package anchors for all Rd \link{} targets not in the
package itself and the base packages.
Flavors: r-devel-linux-x86_64-debian-clang, r-devel-linux-x86_64-debian-gcc, r-devel-windows-x86_64