Last updated on 2024-05-06 12:53:03 CEST.
Flavor | Version | Tinstall | Tcheck | Ttotal | Status | Flags |
---|---|---|---|---|---|---|
r-devel-linux-x86_64-debian-clang | 1.0.2 | 12.26 | 182.80 | 195.06 | NOTE | |
r-devel-linux-x86_64-debian-gcc | 1.0.2 | 10.41 | 145.43 | 155.84 | OK | |
r-devel-linux-x86_64-fedora-clang | 1.0.2 | 276.06 | OK | |||
r-devel-linux-x86_64-fedora-gcc | 1.0.2 | 256.99 | OK | |||
r-devel-windows-x86_64 | 1.0.2 | 12.00 | 153.00 | 165.00 | OK | |
r-patched-linux-x86_64 | 1.0.2 | 12.29 | 179.32 | 191.61 | OK | |
r-release-linux-x86_64 | 1.0.2 | 11.15 | 188.35 | 199.50 | OK | |
r-release-macos-arm64 | 1.0.2 | 80.00 | OK | |||
r-release-windows-x86_64 | 1.0.2 | 13.00 | 159.00 | 172.00 | OK | |
r-oldrel-macos-arm64 | 1.0.2 | 89.00 | OK | |||
r-oldrel-macos-x86_64 | 1.0.2 | 171.00 | OK | |||
r-oldrel-windows-x86_64 | 1.0.2 | 15.00 | 192.00 | 207.00 | OK |
Version: 1.0.2
Check: package dependencies
Result: NOTE
Packages suggested but not available for checking:
'SummarizedExperiment', 'SingleCellExperiment'
Flavor: r-devel-linux-x86_64-debian-clang