Last updated on 2025-05-03 22:50:09 CEST.
Flavor | Version | Tinstall | Tcheck | Ttotal | Status | Flags |
---|---|---|---|---|---|---|
r-devel-linux-x86_64-debian-clang | 0.2.1 | 5.83 | 55.04 | 60.87 | NOTE | |
r-devel-linux-x86_64-debian-gcc | 0.2.1 | 4.45 | 40.92 | 45.37 | NOTE | |
r-devel-linux-x86_64-fedora-clang | 0.2.1 | 93.61 | OK | |||
r-devel-linux-x86_64-fedora-gcc | 0.2.1 | 90.13 | OK | |||
r-devel-windows-x86_64 | 0.2.1 | 7.00 | 73.00 | 80.00 | OK | |
r-patched-linux-x86_64 | 0.2.1 | 6.69 | 52.73 | 59.42 | OK | |
r-release-linux-x86_64 | OK | |||||
r-release-macos-arm64 | 0.2.1 | 34.00 | OK | |||
r-release-macos-x86_64 | 0.2.1 | 57.00 | OK | |||
r-release-windows-x86_64 | 0.2.1 | 7.00 | 69.00 | 76.00 | OK | |
r-oldrel-macos-arm64 | 0.2.1 | 30.00 | OK | |||
r-oldrel-macos-x86_64 | 0.2.1 | 44.00 | OK | |||
r-oldrel-windows-x86_64 | 0.2.1 | 9.00 | 79.00 | 88.00 | OK |
Version: 0.2.1
Check: CRAN incoming feasibility
Result: NOTE
Maintainer: ‘Hyung Park <parkh15@nyu.edu>’
No Authors@R field in DESCRIPTION.
Please add one, modifying
Authors@R: c(person(given = "Hyung",
family = "Park",
role = c("aut", "cre"),
email = "parkh15@nyu.edu"),
person(given = "Eva",
family = "Petkova",
role = "aut"),
person(given = "Thaddeus",
family = "Tarpey",
role = "aut"),
person(given = c("R.", "Todd"),
family = "Ogden",
role = "aut"))
as necessary.
The Description field contains
dose rules" <arXiv:2006.00267v2> for detail of the method. The model
Please refer to arXiv e-prints via their arXiv DOI <doi:10.48550/arXiv.YYMM.NNNNN>.
Flavors: r-devel-linux-x86_64-debian-clang, r-devel-linux-x86_64-debian-gcc