Last updated on 2025-02-21 13:51:03 CET.
Flavor | Version | Tinstall | Tcheck | Ttotal | Status | Flags |
---|---|---|---|---|---|---|
r-devel-linux-x86_64-debian-clang | 1.0.1 | 53.53 | 59.17 | 112.70 | NOTE | |
r-devel-linux-x86_64-debian-gcc | 1.0.1 | 41.89 | 39.47 | 81.36 | NOTE | |
r-devel-linux-x86_64-fedora-clang | 1.0.1 | 189.72 | NOTE | |||
r-devel-linux-x86_64-fedora-gcc | 1.0.1 | 204.15 | NOTE | |||
r-devel-macos-arm64 | 1.0.1 | 47.00 | NOTE | |||
r-devel-macos-x86_64 | 1.0.1 | 109.00 | NOTE | |||
r-devel-windows-x86_64 | 1.0.1 | 52.00 | 98.00 | 150.00 | NOTE | |
r-patched-linux-x86_64 | 1.0.1 | 57.10 | 54.79 | 111.89 | NOTE | |
r-release-linux-x86_64 | 1.0.1 | 57.47 | 55.21 | 112.68 | NOTE | |
r-release-macos-arm64 | 1.0.1 | 49.00 | NOTE | |||
r-release-macos-x86_64 | 1.0.1 | 87.00 | NOTE | |||
r-release-windows-x86_64 | 1.0.1 | 53.00 | 98.00 | 151.00 | NOTE | |
r-oldrel-macos-arm64 | 1.0.1 | 57.00 | NOTE | |||
r-oldrel-macos-x86_64 | 1.0.1 | 96.00 | NOTE | |||
r-oldrel-windows-x86_64 | 1.0.1 | 55.00 | 143.00 | 198.00 | NOTE |
Version: 1.0.1
Check: C++ specification
Result: NOTE
Specified C++11: please drop specification unless essential
Flavors: r-devel-linux-x86_64-debian-clang, r-devel-linux-x86_64-debian-gcc, r-devel-linux-x86_64-fedora-clang, r-devel-linux-x86_64-fedora-gcc, r-devel-macos-arm64, r-devel-macos-x86_64, r-devel-windows-x86_64, r-patched-linux-x86_64, r-release-linux-x86_64, r-release-macos-arm64, r-release-macos-x86_64, r-release-windows-x86_64, r-oldrel-macos-arm64, r-oldrel-macos-x86_64, r-oldrel-windows-x86_64
Version: 1.0.1
Check: LazyData
Result: NOTE
'LazyData' is specified without a 'data' directory
Flavors: r-patched-linux-x86_64, r-release-linux-x86_64, r-release-macos-arm64, r-release-macos-x86_64, r-release-windows-x86_64, r-oldrel-macos-arm64, r-oldrel-macos-x86_64, r-oldrel-windows-x86_64
Version: 1.0.1
Check: installed package size
Result: NOTE
installed size is 9.9Mb
sub-directories of 1Mb or more:
libs 9.2Mb
Flavors: r-release-macos-arm64, r-release-macos-x86_64, r-oldrel-macos-arm64, r-oldrel-macos-x86_64