Last updated on 2024-05-13 11:56:49 CEST.
Flavor | Version | Tinstall | Tcheck | Ttotal | Status | Flags |
---|---|---|---|---|---|---|
r-devel-linux-x86_64-debian-clang | 0.17.3 | 2.35 | 66.99 | 69.34 | NOTE | |
r-devel-linux-x86_64-debian-gcc | 0.17.3 | 2.15 | 49.00 | 51.15 | NOTE | |
r-devel-linux-x86_64-fedora-clang | 0.17.3 | 87.88 | NOTE | |||
r-devel-linux-x86_64-fedora-gcc | 0.17.3 | 86.79 | NOTE | |||
r-devel-windows-x86_64 | 0.17.3 | 4.00 | 74.00 | 78.00 | OK | |
r-patched-linux-x86_64 | 0.17.3 | 8.86 | 60.67 | 69.53 | NOTE | |
r-release-linux-x86_64 | 0.17.3 | 1.78 | 62.32 | 64.10 | NOTE | |
r-release-macos-arm64 | 0.17.3 | 22.00 | NOTE | |||
r-release-macos-x86_64 | 0.17.3 | 38.00 | NOTE | |||
r-release-windows-x86_64 | 0.17.3 | 4.00 | 75.00 | 79.00 | OK | |
r-oldrel-macos-arm64 | 0.17.3 | 26.00 | NOTE | |||
r-oldrel-macos-x86_64 | 0.17.3 | 34.00 | NOTE | |||
r-oldrel-windows-x86_64 | 0.17.3 | 4.00 | 83.00 | 87.00 | OK |
Version: 0.17.3
Check: for non-standard things in the check directory
Result: NOTE
Found the following files/directories:
‘res_mutation.tsv’ ‘res_mutationCounts.txt’
‘res_processContribution.txt’ ‘res_processes.txt’
Flavors: r-devel-linux-x86_64-debian-clang, r-devel-linux-x86_64-debian-gcc, r-devel-linux-x86_64-fedora-clang, r-devel-linux-x86_64-fedora-gcc, r-patched-linux-x86_64, r-release-linux-x86_64
Version: 0.17.3
Check: package dependencies
Result: NOTE
Package suggested but not available for checking: ‘BSgenome.Hsapiens.UCSC.hg38’
Flavors: r-release-macos-arm64, r-release-macos-x86_64, r-oldrel-macos-arm64, r-oldrel-macos-x86_64