Last updated on 2025-11-04 07:50:08 CET.
| Flavor | Version | Tinstall | Tcheck | Ttotal | Status | Flags | 
|---|---|---|---|---|---|---|
| r-devel-linux-x86_64-debian-clang | 0.1.1 | 8.76 | 78.44 | 87.20 | NOTE | |
| r-devel-linux-x86_64-debian-gcc | 0.1.1 | 5.86 | 54.28 | 60.14 | NOTE | |
| r-devel-linux-x86_64-fedora-clang | 0.1.1 | 20.00 | 114.27 | 134.27 | NOTE | |
| r-devel-linux-x86_64-fedora-gcc | 0.1.1 | 16.00 | 106.68 | 122.68 | NOTE | |
| r-devel-windows-x86_64 | 0.1.1 | 11.00 | 89.00 | 100.00 | NOTE | |
| r-patched-linux-x86_64 | 0.1.1 | 9.62 | 72.31 | 81.93 | NOTE | |
| r-release-linux-x86_64 | 0.1.1 | 7.28 | 72.78 | 80.06 | NOTE | |
| r-release-macos-arm64 | 0.1.1 | 4.00 | 32.00 | 36.00 | NOTE | |
| r-release-macos-x86_64 | 0.1.1 | 5.00 | 54.00 | 59.00 | NOTE | |
| r-release-windows-x86_64 | 0.1.1 | 10.00 | 87.00 | 97.00 | NOTE | |
| r-oldrel-macos-arm64 | 0.1.1 | 4.00 | 32.00 | 36.00 | NOTE | |
| r-oldrel-macos-x86_64 | 0.1.1 | 6.00 | 49.00 | 55.00 | NOTE | |
| r-oldrel-windows-x86_64 | 0.1.1 | 13.00 | 109.00 | 122.00 | NOTE | 
Version: 0.1.1
Check: CRAN incoming feasibility
Result: NOTE
  Maintainer: ‘Justin Leach <jleach@uab.edu>’
  
  The BugReports field in DESCRIPTION has
    https://github.com/jmleach-bst/sim2Dpredictr
  which should likely be
    https://github.com/jmleach-bst/sim2Dpredictr/issues
  instead.
Flavors: r-devel-linux-x86_64-debian-clang, r-devel-linux-x86_64-debian-gcc
Version: 0.1.1
Check: Rd files
Result: NOTE
  checkRd: (-1) sim_Y_Binary_X.Rd:51: Lost braces
      51 |     \item \code{dist = "binomial"} is drawn from eqn{Bin(XB, XB(1-XB))}
         |                                                     ^
Flavors: r-devel-linux-x86_64-debian-clang, r-devel-linux-x86_64-debian-gcc, r-devel-linux-x86_64-fedora-clang, r-devel-linux-x86_64-fedora-gcc, r-devel-windows-x86_64, r-patched-linux-x86_64, r-release-linux-x86_64, r-release-macos-arm64, r-release-macos-x86_64, r-release-windows-x86_64, r-oldrel-macos-arm64, r-oldrel-macos-x86_64, r-oldrel-windows-x86_64