CRAN Package Check Results for Package sigQC

Last updated on 2025-06-30 15:49:51 CEST.

Flavor Version Tinstall Tcheck Ttotal Status Flags
r-devel-linux-x86_64-debian-clang 0.1.24 5.71 51.79 57.50 OK
r-devel-linux-x86_64-debian-gcc 0.1.24 4.04 38.93 42.97 OK
r-devel-linux-x86_64-fedora-clang 0.1.24 93.47 NOTE
r-devel-linux-x86_64-fedora-gcc 0.1.24 101.16 NOTE
r-devel-windows-x86_64 0.1.24 8.00 67.00 75.00 OK
r-patched-linux-x86_64 OK
r-release-linux-x86_64 0.1.24 4.92 48.58 53.50 OK
r-release-macos-arm64 0.1.24 39.00 OK
r-release-macos-x86_64 0.1.24 71.00 OK
r-release-windows-x86_64 0.1.24 9.00 67.00 76.00 OK
r-oldrel-macos-arm64 0.1.24 43.00 OK
r-oldrel-macos-x86_64 0.1.24 89.00 OK
r-oldrel-windows-x86_64 0.1.24 11.00 78.00 89.00 OK

Check Details

Version: 0.1.24
Check: dependencies in R code
Result: NOTE Namespaces in Imports field not imported from: ‘KernSmooth’ ‘MASS’ ‘class’ ‘cluster’ ‘lattice’ ‘nnet’ All declared Imports should be used. Flavors: r-devel-linux-x86_64-fedora-clang, r-devel-linux-x86_64-fedora-gcc