Last updated on 2025-02-21 13:51:02 CET.
Flavor | Version | Tinstall | Tcheck | Ttotal | Status | Flags |
---|---|---|---|---|---|---|
r-devel-linux-x86_64-debian-clang | 0.2.0 | 6.71 | 59.35 | 66.06 | OK | |
r-devel-linux-x86_64-debian-gcc | 0.2.0 | 4.58 | 43.12 | 47.70 | OK | |
r-devel-linux-x86_64-fedora-clang | 0.2.0 | 109.81 | NOTE | |||
r-devel-linux-x86_64-fedora-gcc | 0.2.0 | 113.45 | NOTE | |||
r-devel-macos-arm64 | 0.2.0 | 41.00 | OK | |||
r-devel-macos-x86_64 | 0.2.0 | 69.00 | OK | |||
r-devel-windows-x86_64 | 0.2.0 | 10.00 | 80.00 | 90.00 | OK | |
r-patched-linux-x86_64 | 0.2.0 | 5.88 | 55.04 | 60.92 | NOTE | |
r-release-linux-x86_64 | 0.2.0 | 6.22 | 56.21 | 62.43 | NOTE | |
r-release-macos-arm64 | 0.2.0 | 39.00 | NOTE | |||
r-release-macos-x86_64 | 0.2.0 | 58.00 | NOTE | |||
r-release-windows-x86_64 | 0.2.0 | 10.00 | 80.00 | 90.00 | NOTE | |
r-oldrel-macos-arm64 | 0.2.0 | 34.00 | NOTE | |||
r-oldrel-macos-x86_64 | 0.2.0 | 60.00 | NOTE | |||
r-oldrel-windows-x86_64 | 0.2.0 | 12.00 | 101.00 | 113.00 | NOTE |
Version: 0.2.0
Check: dependencies in R code
Result: NOTE
Namespace in Imports field not imported from: ‘purrr’
All declared Imports should be used.
Flavors: r-devel-linux-x86_64-fedora-clang, r-devel-linux-x86_64-fedora-gcc
Version: 0.2.0
Check: LazyData
Result: NOTE
'LazyData' is specified without a 'data' directory
Flavors: r-patched-linux-x86_64, r-release-linux-x86_64, r-release-macos-arm64, r-release-macos-x86_64, r-release-windows-x86_64, r-oldrel-macos-arm64, r-oldrel-macos-x86_64, r-oldrel-windows-x86_64