Last updated on 2024-05-11 11:48:31 CEST.
Flavor | Version | Tinstall | Tcheck | Ttotal | Status | Flags |
---|---|---|---|---|---|---|
r-devel-linux-x86_64-debian-clang | 1.2.0 | 6.57 | 46.44 | 53.01 | OK | |
r-devel-linux-x86_64-debian-gcc | 1.2.0 | 5.09 | 34.54 | 39.63 | OK | |
r-devel-linux-x86_64-fedora-clang | 1.2.0 | 68.44 | NOTE | |||
r-devel-linux-x86_64-fedora-gcc | 1.2.0 | 114.70 | OK | |||
r-devel-windows-x86_64 | 1.2.0 | 7.00 | 53.00 | 60.00 | NOTE | |
r-patched-linux-x86_64 | 1.2.0 | 6.94 | 43.20 | 50.14 | OK | |
r-release-linux-x86_64 | 1.2.0 | 6.62 | 41.72 | 48.34 | OK | |
r-release-macos-arm64 | 1.2.0 | 24.00 | NOTE | |||
r-release-macos-x86_64 | 1.2.0 | 49.00 | NOTE | |||
r-release-windows-x86_64 | 1.2.0 | 6.00 | 53.00 | 59.00 | NOTE | |
r-oldrel-macos-arm64 | 1.2.0 | 26.00 | NOTE | |||
r-oldrel-macos-x86_64 | 1.2.0 | 40.00 | NOTE | |||
r-oldrel-windows-x86_64 | 1.2.0 | 8.00 | 57.00 | 65.00 | NOTE |
Version: 1.2.0
Check: installed package size
Result: NOTE
installed size is 7.8Mb
sub-directories of 1Mb or more:
www 7.6Mb
Flavors: r-devel-linux-x86_64-fedora-clang, r-devel-windows-x86_64, r-release-macos-arm64, r-release-macos-x86_64, r-release-windows-x86_64, r-oldrel-macos-arm64, r-oldrel-macos-x86_64, r-oldrel-windows-x86_64