Last updated on 2025-11-04 07:50:08 CET.
| Flavor | Version | Tinstall | Tcheck | Ttotal | Status | Flags | 
|---|---|---|---|---|---|---|
| r-devel-linux-x86_64-debian-clang | 0.1.0 | 3.23 | 31.52 | 34.75 | OK | |
| r-devel-linux-x86_64-debian-gcc | 0.1.0 | 2.36 | 24.75 | 27.11 | OK | |
| r-devel-linux-x86_64-fedora-clang | 0.1.0 | 51.62 | OK | |||
| r-devel-linux-x86_64-fedora-gcc | 0.1.0 | 49.90 | OK | |||
| r-devel-windows-x86_64 | 0.1.0 | 9.00 | 48.00 | 57.00 | OK | |
| r-patched-linux-x86_64 | 0.1.0 | 3.00 | 29.72 | 32.72 | OK | |
| r-release-linux-x86_64 | 0.1.0 | 2.97 | 29.87 | 32.84 | OK | |
| r-release-macos-arm64 | 0.1.0 | 4.00 | 23.00 | 27.00 | OK | |
| r-release-macos-x86_64 | 0.1.0 | 3.00 | 31.00 | 34.00 | OK | |
| r-release-windows-x86_64 | 0.1.0 | 6.00 | 48.00 | 54.00 | OK | |
| r-oldrel-macos-arm64 | 0.1.0 | 2.00 | 17.00 | 19.00 | NOTE | |
| r-oldrel-macos-x86_64 | 0.1.0 | 3.00 | 25.00 | 28.00 | NOTE | |
| r-oldrel-windows-x86_64 | 0.1.0 | 9.00 | 58.00 | 67.00 | NOTE | 
Version: 0.1.0
Check: installed package size
Result: NOTE
    installed size is  9.5Mb
    sub-directories of 1Mb or more:
      www   9.4Mb
Flavors: r-oldrel-macos-arm64, r-oldrel-macos-x86_64, r-oldrel-windows-x86_64
Version: 0.1.0
Check: LazyData
Result: NOTE
    'LazyData' is specified without a 'data' directory
Flavors: r-oldrel-macos-arm64, r-oldrel-macos-x86_64, r-oldrel-windows-x86_64