CRAN Package Check Results for Package shiny.destroy

Last updated on 2025-07-01 13:50:07 CEST.

Flavor Version Tinstall Tcheck Ttotal Status Flags
r-devel-linux-x86_64-debian-clang 0.1.0 3.63 38.36 41.99 NOTE
r-devel-linux-x86_64-debian-gcc 0.1.0 2.62 30.65 33.27 NOTE
r-devel-linux-x86_64-fedora-clang 0.1.0 73.87 NOTE
r-devel-linux-x86_64-fedora-gcc 0.1.0 80.03 NOTE
r-devel-windows-x86_64 0.1.0 6.00 58.00 64.00 NOTE
r-patched-linux-x86_64 NOTE
r-release-linux-x86_64 0.1.0 2.92 35.91 38.83 NOTE
r-release-macos-arm64 0.1.0 76.00 NOTE
r-release-macos-x86_64 0.1.0 121.00 NOTE
r-release-windows-x86_64 0.1.0 5.00 57.00 62.00 NOTE
r-oldrel-macos-arm64 0.1.0 52.00 OK
r-oldrel-macos-x86_64 0.1.0 102.00 OK
r-oldrel-windows-x86_64 0.1.0 7.00 66.00 73.00 OK

Check Details

Version: 0.1.0
Check: DESCRIPTION meta-information
Result: NOTE Missing dependency on R >= 4.1.0 because package code uses the pipe |> or function shorthand \(...) syntax added in R 4.1.0. File(s) using such syntax: ‘destroyModule.R’ ‘makeModule.R’ Flavors: r-devel-linux-x86_64-debian-clang, r-devel-linux-x86_64-debian-gcc, r-devel-linux-x86_64-fedora-clang, r-devel-linux-x86_64-fedora-gcc, r-devel-windows-x86_64, r-patched-linux-x86_64, r-release-linux-x86_64, r-release-macos-arm64, r-release-macos-x86_64, r-release-windows-x86_64