Last updated on 2025-10-15 09:53:04 CEST.
Flavor | Version | Tinstall | Tcheck | Ttotal | Status | Flags |
---|---|---|---|---|---|---|
r-devel-linux-x86_64-debian-clang | 0.2.3 | 25.29 | 102.39 | 127.68 | OK | |
r-devel-linux-x86_64-debian-gcc | 0.2.3 | 15.47 | 73.01 | 88.48 | OK | |
r-devel-linux-x86_64-fedora-clang | 0.2.3 | 206.75 | OK | |||
r-devel-linux-x86_64-fedora-gcc | 0.2.3 | 208.42 | OK | |||
r-devel-windows-x86_64 | 0.2.3 | 29.00 | 130.00 | 159.00 | OK | |
r-patched-linux-x86_64 | 0.2.1 | 23.97 | 95.85 | 119.82 | NOTE | |
r-release-linux-x86_64 | 0.2.3 | 21.72 | 95.55 | 117.27 | OK | |
r-release-macos-arm64 | 0.2.3 | 62.00 | OK | |||
r-release-macos-x86_64 | 0.2.3 | 169.00 | OK | |||
r-release-windows-x86_64 | 0.2.1 | 32.00 | 136.00 | 168.00 | NOTE | |
r-oldrel-macos-arm64 | 0.2.3 | 64.00 | OK | |||
r-oldrel-macos-x86_64 | 0.2.3 | 149.00 | OK | |||
r-oldrel-windows-x86_64 | 0.2.3 | 35.00 | 153.00 | 188.00 | OK |
Version: 0.2.1
Check: C++ specification
Result: NOTE
Specified C++11: please drop specification unless essential
Flavors: r-patched-linux-x86_64, r-release-windows-x86_64