CRAN Package Check Results for Package sfc

Last updated on 2025-06-30 15:49:50 CEST.

Flavor Version Tinstall Tcheck Ttotal Status Flags
r-devel-linux-x86_64-debian-clang 0.1.0 5.10 39.90 45.00 OK
r-devel-linux-x86_64-debian-gcc 0.1.0 4.06 28.49 32.55 OK
r-devel-linux-x86_64-fedora-clang 0.1.0 67.95 OK
r-devel-linux-x86_64-fedora-gcc 0.1.0 55.45 OK
r-devel-windows-x86_64 0.1.0 6.00 52.00 58.00 OK
r-patched-linux-x86_64 OK
r-release-linux-x86_64 0.1.0 4.92 35.64 40.56 OK
r-release-macos-arm64 0.1.0 28.00 OK
r-release-macos-x86_64 0.1.0 46.00 OK
r-release-windows-x86_64 0.1.0 7.00 54.00 61.00 OK
r-oldrel-macos-arm64 0.1.0 23.00 NOTE
r-oldrel-macos-x86_64 0.1.0 34.00 NOTE
r-oldrel-windows-x86_64 0.1.0 8.00 62.00 70.00 NOTE

Check Details

Version: 0.1.0
Check: LazyData
Result: NOTE 'LazyData' is specified without a 'data' directory Flavors: r-oldrel-macos-arm64, r-oldrel-macos-x86_64, r-oldrel-windows-x86_64