Last updated on 2024-05-09 12:49:23 CEST.
Flavor | Version | Tinstall | Tcheck | Ttotal | Status | Flags |
---|---|---|---|---|---|---|
r-devel-linux-x86_64-debian-clang | 0.1-0 | 6.14 | 41.03 | 47.17 | NOTE | |
r-devel-linux-x86_64-debian-gcc | 0.1-0 | 5.67 | 29.34 | 35.01 | NOTE | |
r-devel-linux-x86_64-fedora-clang | 0.1-0 | 60.24 | NOTE | |||
r-devel-linux-x86_64-fedora-gcc | 0.1-0 | 62.63 | NOTE | |||
r-devel-windows-x86_64 | 0.1-0 | 5.00 | 48.00 | 53.00 | NOTE | |
r-patched-linux-x86_64 | 0.1-0 | 6.44 | 37.10 | 43.54 | NOTE | |
r-release-linux-x86_64 | 0.1-0 | 7.60 | 38.37 | 45.97 | NOTE | |
r-release-macos-arm64 | 0.1-0 | 20.00 | NOTE | |||
r-release-windows-x86_64 | 0.1-0 | 6.00 | 46.00 | 52.00 | NOTE | |
r-oldrel-macos-arm64 | 0.1-0 | 19.00 | NOTE | |||
r-oldrel-macos-x86_64 | 0.1-0 | 29.00 | NOTE | |||
r-oldrel-windows-x86_64 | 0.1-0 | 5.00 | 50.00 | 55.00 | NOTE |
Version: 0.1-0
Check: LazyData
Result: NOTE
'LazyData' is specified without a 'data' directory
Flavors: r-devel-linux-x86_64-debian-clang, r-devel-linux-x86_64-debian-gcc, r-devel-linux-x86_64-fedora-clang, r-devel-linux-x86_64-fedora-gcc, r-devel-windows-x86_64, r-patched-linux-x86_64, r-release-linux-x86_64, r-release-macos-arm64, r-release-windows-x86_64, r-oldrel-macos-arm64, r-oldrel-macos-x86_64, r-oldrel-windows-x86_64