Last updated on 2024-05-04 12:48:10 CEST.
Flavor | Version | Tinstall | Tcheck | Ttotal | Status | Flags |
---|---|---|---|---|---|---|
r-devel-linux-x86_64-debian-clang | 0.1.7 | 15.31 | 150.27 | 165.58 | NOTE | |
r-devel-linux-x86_64-debian-gcc | 0.1.7 | 12.36 | 116.40 | 128.76 | OK | |
r-devel-linux-x86_64-fedora-clang | 0.1.7 | 240.85 | OK | |||
r-devel-linux-x86_64-fedora-gcc | 0.1.7 | 224.68 | OK | |||
r-devel-windows-x86_64 | 0.1.7 | 16.00 | 123.00 | 139.00 | OK | |
r-patched-linux-x86_64 | 0.1.7 | 16.05 | 144.86 | 160.91 | OK | |
r-release-linux-x86_64 | 0.1.7 | 13.93 | 148.88 | 162.81 | OK | |
r-release-macos-arm64 | 0.1.7 | 64.00 | OK | |||
r-release-macos-x86_64 | 0.1.7 | 130.00 | OK | |||
r-release-windows-x86_64 | 0.1.7 | 15.00 | 123.00 | 138.00 | OK | |
r-oldrel-macos-arm64 | 0.1.7 | 74.00 | OK | |||
r-oldrel-macos-x86_64 | 0.1.7 | 167.00 | OK | |||
r-oldrel-windows-x86_64 | 0.1.7 | 19.00 | 155.00 | 174.00 | OK |
Version: 0.1.7
Check: package dependencies
Result: NOTE
Packages suggested but not available for checking:
'GenomicAlignments', 'GenomicRanges', 'Rsamtools'
Flavor: r-devel-linux-x86_64-debian-clang