Last updated on 2025-11-04 07:50:08 CET.
| Flavor | Version | Tinstall | Tcheck | Ttotal | Status | Flags | 
|---|---|---|---|---|---|---|
| r-devel-linux-x86_64-debian-clang | 4.2-36 | 13.42 | 112.19 | 125.61 | OK | |
| r-devel-linux-x86_64-debian-gcc | 4.2-36 | 9.81 | 78.51 | 88.32 | OK | |
| r-devel-linux-x86_64-fedora-clang | 4.2-36 | 27.00 | 156.53 | 183.53 | OK | |
| r-devel-linux-x86_64-fedora-gcc | 4.2-36 | 27.00 | 150.59 | 177.59 | OK | |
| r-devel-windows-x86_64 | 4.2-36 | 20.00 | 157.00 | 177.00 | OK | |
| r-patched-linux-x86_64 | 4.2-36 | 16.36 | 107.93 | 124.29 | OK | |
| r-release-linux-x86_64 | 4.2-36 | 12.89 | 105.96 | 118.85 | OK | |
| r-release-macos-arm64 | 4.2-36 | 8.00 | 61.00 | 69.00 | OK | |
| r-release-macos-x86_64 | 4.2-36 | 11.00 | 117.00 | 128.00 | OK | |
| r-release-windows-x86_64 | 4.2-36 | 21.00 | 146.00 | 167.00 | OK | |
| r-oldrel-macos-arm64 | 4.2-36 | 7.00 | 51.00 | 58.00 | NOTE | |
| r-oldrel-macos-x86_64 | 4.2-36 | 15.00 | 116.00 | 131.00 | NOTE | |
| r-oldrel-windows-x86_64 | 4.2-36 | 29.00 | 183.00 | 212.00 | NOTE | 
Version: 4.2-36
Check: installed package size
Result: NOTE
    installed size is  5.5Mb
    sub-directories of 1Mb or more:
      data        1.4Mb
      sequences   1.9Mb
Flavors: r-oldrel-macos-arm64, r-oldrel-macos-x86_64, r-oldrel-windows-x86_64