Last updated on 2025-11-04 07:50:08 CET.
| Flavor | Version | Tinstall | Tcheck | Ttotal | Status | Flags | 
|---|---|---|---|---|---|---|
| r-devel-linux-x86_64-debian-clang | 2.1.0 | 564.06 | 553.69 | 1117.75 | OK | |
| r-devel-linux-x86_64-debian-gcc | 2.1.0 | 344.04 | 373.95 | 717.99 | OK | |
| r-devel-linux-x86_64-fedora-clang | 2.1.0 | 960.00 | 994.35 | 1954.35 | OK | |
| r-devel-linux-x86_64-fedora-gcc | 2.1.0 | 900.00 | 775.24 | 1675.24 | OK | |
| r-devel-windows-x86_64 | 2.1.0 | 658.00 | 500.00 | 1158.00 | OK | |
| r-patched-linux-x86_64 | 2.1.0 | 511.41 | 439.97 | 951.38 | OK | |
| r-release-linux-x86_64 | 2.1.0 | 521.30 | 442.60 | 963.90 | OK | |
| r-release-macos-arm64 | 2.1.0 | 159.00 | 123.00 | 282.00 | OK | |
| r-release-macos-x86_64 | 2.1.0 | 175.00 | 313.00 | 488.00 | OK | |
| r-release-windows-x86_64 | 2.1.0 | 626.00 | 506.00 | 1132.00 | OK | |
| r-oldrel-macos-arm64 | 2.1.0 | 161.00 | 130.00 | 291.00 | NOTE | |
| r-oldrel-macos-x86_64 | 2.1.0 | 171.00 | 347.00 | 518.00 | NOTE | |
| r-oldrel-windows-x86_64 | 2.1.0 | 770.00 | 636.00 | 1406.00 | OK | 
Version: 2.1.0
Check: installed package size
Result: NOTE
    installed size is 25.6Mb
    sub-directories of 1Mb or more:
      libs  23.3Mb
Flavors: r-oldrel-macos-arm64, r-oldrel-macos-x86_64