Last updated on 2025-02-22 12:50:49 CET.
Flavor | Version | Tinstall | Tcheck | Ttotal | Status | Flags |
---|---|---|---|---|---|---|
r-devel-linux-x86_64-debian-clang | 1.2-55 | 60.08 | 308.20 | 368.28 | OK | |
r-devel-linux-x86_64-debian-gcc | 1.2-55 | 39.90 | 192.69 | 232.59 | OK | |
r-devel-linux-x86_64-fedora-clang | 1.2-55 | 601.68 | OK | |||
r-devel-linux-x86_64-fedora-gcc | 1.2-55 | 584.81 | OK | |||
r-devel-macos-arm64 | 1.2-55 | 132.00 | OK | |||
r-devel-macos-x86_64 | 1.2-55 | 300.00 | OK | |||
r-devel-windows-x86_64 | 1.2-55 | 57.00 | 237.00 | 294.00 | OK | |
r-patched-linux-x86_64 | 1.2-55 | 61.68 | 280.11 | 341.79 | OK | |
r-release-linux-x86_64 | 1.2-55 | 56.77 | 280.41 | 337.18 | OK | |
r-release-macos-arm64 | 1.2-55 | 122.00 | OK | |||
r-release-macos-x86_64 | 1.2-55 | 375.00 | NOTE | |||
r-release-windows-x86_64 | 1.2-55 | 59.00 | 231.00 | 290.00 | OK | |
r-oldrel-macos-arm64 | 1.2-55 | 98.00 | OK | |||
r-oldrel-macos-x86_64 | 1.2-55 | 321.00 | NOTE | |||
r-oldrel-windows-x86_64 | 1.2-55 | 80.00 | 334.00 | 414.00 | OK |
Version: 1.2-55
Check: installed package size
Result: NOTE
installed size is 5.3Mb
sub-directories of 1Mb or more:
R 3.0Mb
external 1.2Mb
Flavors: r-release-macos-x86_64, r-oldrel-macos-x86_64