Last updated on 2025-06-30 15:49:50 CEST.
Flavor | Version | Tinstall | Tcheck | Ttotal | Status | Flags |
---|---|---|---|---|---|---|
r-devel-linux-x86_64-debian-clang | 0.1.1 | 148.59 | 236.86 | 385.45 | OK | |
r-devel-linux-x86_64-debian-gcc | 0.1.1 | 114.33 | 171.32 | 285.65 | OK | |
r-devel-linux-x86_64-fedora-clang | 0.1.1 | 673.69 | OK | |||
r-devel-linux-x86_64-fedora-gcc | 0.1.1 | 677.18 | OK | |||
r-devel-windows-x86_64 | 0.1.1 | 242.00 | 262.00 | 504.00 | OK | |
r-patched-linux-x86_64 | OK | |||||
r-release-linux-x86_64 | 0.1.1 | 159.08 | 238.36 | 397.44 | OK | |
r-release-macos-arm64 | 0.1.1 | 209.00 | OK | |||
r-release-macos-x86_64 | 0.1.1 | 325.00 | OK | |||
r-release-windows-x86_64 | 0.1.1 | 229.00 | 260.00 | 489.00 | OK | |
r-oldrel-macos-arm64 | 0.1.1 | 199.00 | NOTE | |||
r-oldrel-macos-x86_64 | 0.1.1 | 363.00 | NOTE | |||
r-oldrel-windows-x86_64 | 0.1.1 | 281.00 | 333.00 | 614.00 | NOTE |
Version: 0.1.1
Check: installed package size
Result: NOTE
installed size is 31.7Mb
sub-directories of 1Mb or more:
cppad 9.4Mb
include 4.6Mb
libs 17.1Mb
Flavors: r-oldrel-macos-arm64, r-oldrel-macos-x86_64, r-oldrel-windows-x86_64