Last updated on 2024-05-12 13:57:02 CEST.
Flavor | Version | Tinstall | Tcheck | Ttotal | Status | Flags |
---|---|---|---|---|---|---|
r-devel-linux-x86_64-debian-clang | 1.0.1 | 4.79 | 25.92 | 30.71 | NOTE | |
r-devel-linux-x86_64-debian-gcc | 1.0.1 | 4.79 | 19.63 | 24.42 | NOTE | |
r-devel-linux-x86_64-fedora-clang | 1.0.1 | 41.71 | NOTE | |||
r-devel-linux-x86_64-fedora-gcc | 1.0.1 | 43.44 | NOTE | |||
r-devel-windows-x86_64 | 1.0.1 | 7.00 | 41.00 | 48.00 | NOTE | |
r-patched-linux-x86_64 | 1.0.1 | 3.57 | 24.29 | 27.86 | NOTE | |
r-release-linux-x86_64 | 1.0.1 | 3.16 | 24.87 | 28.03 | NOTE | |
r-release-macos-arm64 | 1.0.1 | 18.00 | NOTE | |||
r-release-windows-x86_64 | 1.0.1 | 8.00 | 40.00 | 48.00 | NOTE | |
r-oldrel-macos-arm64 | 1.0.1 | 17.00 | NOTE | |||
r-oldrel-macos-x86_64 | 1.0.1 | 23.00 | NOTE | |||
r-oldrel-windows-x86_64 | 1.0.1 | 7.00 | 41.00 | 48.00 | NOTE |
Version: 1.0.1
Check: LazyData
Result: NOTE
'LazyData' is specified without a 'data' directory
Flavors: r-devel-linux-x86_64-debian-clang, r-devel-linux-x86_64-debian-gcc, r-devel-linux-x86_64-fedora-clang, r-devel-linux-x86_64-fedora-gcc, r-devel-windows-x86_64, r-patched-linux-x86_64, r-release-linux-x86_64, r-release-macos-arm64, r-release-windows-x86_64, r-oldrel-macos-arm64, r-oldrel-macos-x86_64, r-oldrel-windows-x86_64
Version: 1.0.1
Check: dependencies in R code
Result: NOTE
Namespaces in Imports field not imported from:
‘R6’ ‘cowplot’ ‘ggplot2’ ‘ggridges’ ‘ggstance’ ‘jmvcore’
All declared Imports should be used.
Flavors: r-devel-linux-x86_64-fedora-clang, r-devel-linux-x86_64-fedora-gcc