Last updated on 2025-11-04 07:50:07 CET.
| Flavor | Version | Tinstall | Tcheck | Ttotal | Status | Flags | 
|---|---|---|---|---|---|---|
| r-devel-linux-x86_64-debian-clang | 1.0 | 18.56 | 162.14 | 180.70 | NOTE | |
| r-devel-linux-x86_64-debian-gcc | 1.0 | 13.36 | 113.45 | 126.81 | NOTE | |
| r-devel-linux-x86_64-fedora-clang | 1.0 | 42.00 | 236.15 | 278.15 | NOTE | |
| r-devel-linux-x86_64-fedora-gcc | 1.0 | 41.00 | 220.07 | 261.07 | NOTE | |
| r-devel-windows-x86_64 | 1.0 | 21.00 | 154.00 | 175.00 | OK | |
| r-patched-linux-x86_64 | 1.0 | 20.43 | 152.35 | 172.78 | NOTE | |
| r-release-linux-x86_64 | 1.0 | 18.53 | 155.23 | 173.76 | NOTE | |
| r-release-macos-arm64 | 1.0 | 8.00 | 61.00 | 69.00 | OK | |
| r-release-macos-x86_64 | 1.0 | 14.00 | 105.00 | 119.00 | OK | |
| r-release-windows-x86_64 | 1.0 | 20.00 | 145.00 | 165.00 | OK | |
| r-oldrel-macos-arm64 | 1.0 | 8.00 | 56.00 | 64.00 | OK | |
| r-oldrel-macos-x86_64 | 1.0 | 12.00 | 88.00 | 100.00 | OK | |
| r-oldrel-windows-x86_64 | 1.0 | 28.00 | 196.00 | 224.00 | OK | 
Version: 1.0
Check: CRAN incoming feasibility
Result: NOTE
  Maintainer: ‘Qian Yang <bioqianyang@163.com>’
  
  No Authors@R field in DESCRIPTION.
  Please add one, modifying
    Authors@R: person(given = "Qian",
                      family = "Yang",
                      role = c("aut", "cre"),
                      email = "bioqianyang@163.com")
  as necessary.
Flavors: r-devel-linux-x86_64-debian-clang, r-devel-linux-x86_64-debian-gcc
Version: 1.0
Check: for non-standard things in the check directory
Result: NOTE
  Found the following files/directories:
    ‘untitled_consensus_cluster’
Flavors: r-devel-linux-x86_64-debian-clang, r-devel-linux-x86_64-debian-gcc, r-devel-linux-x86_64-fedora-clang, r-devel-linux-x86_64-fedora-gcc, r-patched-linux-x86_64, r-release-linux-x86_64