Last updated on 2024-05-11 12:48:15 CEST.
Flavor | Version | Tinstall | Tcheck | Ttotal | Status | Flags |
---|---|---|---|---|---|---|
r-devel-linux-x86_64-debian-clang | 1.0.1 | 3.84 | 50.45 | 54.29 | NOTE | |
r-devel-linux-x86_64-debian-gcc | 1.0.1 | 2.08 | 38.73 | 40.81 | NOTE | |
r-devel-linux-x86_64-fedora-clang | 1.0.1 | 69.77 | NOTE | |||
r-devel-linux-x86_64-fedora-gcc | 1.0.1 | 81.68 | NOTE | |||
r-devel-windows-x86_64 | 1.0.1 | 4.00 | 67.00 | 71.00 | NOTE | |
r-patched-linux-x86_64 | 1.0.1 | 3.19 | 48.96 | 52.15 | NOTE | |
r-release-linux-x86_64 | 1.0.1 | 3.49 | 50.45 | 53.94 | NOTE | |
r-release-macos-arm64 | 1.0.1 | 33.00 | NOTE | |||
r-release-windows-x86_64 | 1.0.1 | 4.00 | 65.00 | 69.00 | NOTE | |
r-oldrel-macos-arm64 | 1.0.1 | 38.00 | NOTE | |||
r-oldrel-macos-x86_64 | 1.0.1 | 51.00 | NOTE | |||
r-oldrel-windows-x86_64 | 1.0.1 | 5.00 | 66.00 | 71.00 | NOTE |
Version: 1.0.1
Check: LazyData
Result: NOTE
'LazyData' is specified without a 'data' directory
Flavors: r-devel-linux-x86_64-debian-clang, r-devel-linux-x86_64-debian-gcc, r-devel-linux-x86_64-fedora-clang, r-devel-linux-x86_64-fedora-gcc, r-devel-windows-x86_64, r-patched-linux-x86_64, r-release-linux-x86_64, r-release-macos-arm64, r-release-windows-x86_64, r-oldrel-macos-arm64, r-oldrel-macos-x86_64, r-oldrel-windows-x86_64