Last updated on 2025-02-22 12:50:48 CET.
Flavor | Version | Tinstall | Tcheck | Ttotal | Status | Flags |
---|---|---|---|---|---|---|
r-devel-linux-x86_64-debian-clang | 2.0.2 | 4.34 | 35.76 | 40.10 | OK | |
r-devel-linux-x86_64-debian-gcc | 2.0.2 | 3.11 | 26.15 | 29.26 | OK | |
r-devel-linux-x86_64-fedora-clang | 2.0.2 | 64.56 | OK | |||
r-devel-linux-x86_64-fedora-gcc | 2.0.2 | 59.34 | OK | |||
r-devel-macos-arm64 | 2.0.2 | 24.00 | OK | |||
r-devel-macos-x86_64 | 2.0.2 | 41.00 | OK | |||
r-devel-windows-x86_64 | 2.0.2 | 6.00 | 59.00 | 65.00 | OK | |
r-patched-linux-x86_64 | 2.0.2 | 4.42 | 33.53 | 37.95 | NOTE | |
r-release-linux-x86_64 | 2.0.2 | 4.26 | 33.56 | 37.82 | NOTE | |
r-release-macos-arm64 | 2.0.2 | 24.00 | NOTE | |||
r-release-macos-x86_64 | 2.0.2 | 33.00 | NOTE | |||
r-release-windows-x86_64 | 2.0.2 | 6.00 | 59.00 | 65.00 | NOTE | |
r-oldrel-macos-arm64 | 2.0.2 | 25.00 | NOTE | |||
r-oldrel-macos-x86_64 | 2.0.2 | 33.00 | NOTE | |||
r-oldrel-windows-x86_64 | 2.0.2 | 8.00 | 65.00 | 73.00 | NOTE |
Version: 2.0.2
Check: LazyData
Result: NOTE
'LazyData' is specified without a 'data' directory
Flavors: r-patched-linux-x86_64, r-release-linux-x86_64, r-release-macos-arm64, r-release-macos-x86_64, r-release-windows-x86_64, r-oldrel-macos-arm64, r-oldrel-macos-x86_64, r-oldrel-windows-x86_64