CRAN Package Check Results for Package saws

Last updated on 2025-11-25 07:50:10 CET.

Flavor Version Tinstall Tcheck Ttotal Status Flags
r-devel-linux-x86_64-debian-clang 0.9-7.0 2.24 26.32 28.56 NOTE
r-devel-linux-x86_64-debian-gcc 0.9-7.0 1.76 20.58 22.34 NOTE
r-devel-linux-x86_64-fedora-clang 0.9-7.0 42.81 OK
r-devel-linux-x86_64-fedora-gcc 0.9-7.0 42.27 OK
r-devel-windows-x86_64 0.9-7.0 5.00 43.00 48.00 OK
r-patched-linux-x86_64 0.9-7.0 2.69 24.40 27.09 OK
r-release-linux-x86_64 0.9-7.0 2.31 24.37 26.68 OK
r-release-macos-arm64 0.9-7.0 OK
r-release-macos-x86_64 0.9-7.0 2.00 26.00 28.00 OK
r-release-windows-x86_64 0.9-7.0 5.00 56.00 61.00 OK
r-oldrel-macos-arm64 0.9-7.0 OK
r-oldrel-macos-x86_64 0.9-7.0 2.00 22.00 24.00 OK
r-oldrel-windows-x86_64 0.9-7.0 5.00 48.00 53.00 OK

Check Details

Version: 0.9-7.0
Check: CRAN incoming feasibility
Result: NOTE Maintainer: ‘Michael P. Fay <mfay@niaid.nih.gov>’ No Authors@R field in DESCRIPTION. Please add one, modifying Authors@R: person(given = c("Michael", "P."), family = "Fay", role = c("aut", "cre"), email = "mfay@niaid.nih.gov") as necessary. Package CITATION file contains call(s) to old-style personList() or as.personList(). Please use c() on person objects instead. Package CITATION file contains call(s) to old-style citEntry(). Please use bibentry() instead. Flavors: r-devel-linux-x86_64-debian-clang, r-devel-linux-x86_64-debian-gcc