CRAN Package Check Results for Package sabre

Last updated on 2025-06-30 15:49:50 CEST.

Flavor Version Tinstall Tcheck Ttotal Status Flags
r-devel-linux-x86_64-debian-clang 0.4.3 31.94 331.88 363.82 NOTE
r-devel-linux-x86_64-debian-gcc 0.4.3 23.49 208.01 231.50 NOTE
r-devel-linux-x86_64-fedora-clang 0.4.3 565.76 OK
r-devel-linux-x86_64-fedora-gcc 0.4.3 551.47 OK
r-devel-windows-x86_64 0.4.3 28.00 250.00 278.00 OK
r-patched-linux-x86_64 OK
r-release-linux-x86_64 0.4.3 27.26 306.03 333.29 OK
r-release-macos-arm64 0.4.3 142.00 OK
r-release-macos-x86_64 0.4.3 311.00 OK
r-release-windows-x86_64 0.4.3 30.00 249.00 279.00 OK
r-oldrel-macos-arm64 0.4.3 127.00 OK
r-oldrel-macos-x86_64 0.4.3 286.00 OK
r-oldrel-windows-x86_64 0.4.3 40.00 345.00 385.00 OK

Check Details

Version: 0.4.3
Check: CRAN incoming feasibility
Result: NOTE Maintainer: ‘Jakub Nowosad <nowosad.jakub@gmail.com>’ Package CITATION file contains call(s) to old-style citEntry(). Please use bibentry() instead. Flavors: r-devel-linux-x86_64-debian-clang, r-devel-linux-x86_64-debian-gcc