Last updated on 2024-05-11 12:48:16 CEST.
Flavor | Version | Tinstall | Tcheck | Ttotal | Status | Flags |
---|---|---|---|---|---|---|
r-devel-linux-x86_64-debian-clang | 0.3.0 | 5.56 | 622.23 | 627.79 | NOTE | |
r-devel-linux-x86_64-debian-gcc | 0.3.0 | 5.61 | 385.39 | 391.00 | NOTE | |
r-devel-linux-x86_64-fedora-clang | 0.3.0 | 740.15 | NOTE | |||
r-devel-linux-x86_64-fedora-gcc | 0.3.0 | 760.77 | NOTE | |||
r-devel-windows-x86_64 | 0.3.0 | 9.00 | 339.00 | 348.00 | NOTE | |
r-patched-linux-x86_64 | 0.3.0 | 3.90 | 575.59 | 579.49 | NOTE | |
r-release-linux-x86_64 | 0.3.0 | 4.07 | 575.54 | 579.61 | NOTE | |
r-release-macos-arm64 | 0.3.0 | 156.00 | NOTE | |||
r-release-windows-x86_64 | 0.3.0 | 10.00 | 351.00 | 361.00 | NOTE | |
r-oldrel-macos-arm64 | 0.3.0 | 183.00 | NOTE | |||
r-oldrel-macos-x86_64 | 0.3.0 | 316.00 | NOTE | |||
r-oldrel-windows-x86_64 | 0.3.0 | 8.00 | 431.00 | 439.00 | NOTE |
Version: 0.3.0
Check: LazyData
Result: NOTE
'LazyData' is specified without a 'data' directory
Flavors: r-devel-linux-x86_64-debian-clang, r-devel-linux-x86_64-debian-gcc, r-devel-linux-x86_64-fedora-clang, r-devel-linux-x86_64-fedora-gcc, r-devel-windows-x86_64, r-patched-linux-x86_64, r-release-linux-x86_64, r-release-macos-arm64, r-release-windows-x86_64, r-oldrel-macos-arm64, r-oldrel-macos-x86_64, r-oldrel-windows-x86_64