Last updated on 2025-11-24 07:50:14 CET.
| Flavor | Version | Tinstall | Tcheck | Ttotal | Status | Flags |
|---|---|---|---|---|---|---|
| r-devel-linux-x86_64-debian-clang | 1.1.0 | 2.04 | 34.68 | 36.72 | OK | |
| r-devel-linux-x86_64-debian-gcc | 1.1.0 | 1.80 | 27.49 | 29.29 | OK | |
| r-devel-linux-x86_64-fedora-clang | 1.1.0 | 55.12 | OK | |||
| r-devel-linux-x86_64-fedora-gcc | 1.1.0 | 69.28 | OK | |||
| r-devel-windows-x86_64 | 1.1.0 | 10.00 | 51.00 | 61.00 | OK | |
| r-patched-linux-x86_64 | 1.1.0 | 2.01 | 32.18 | 34.19 | OK | |
| r-release-linux-x86_64 | 1.1.0 | 1.76 | 32.80 | 34.56 | OK | |
| r-release-macos-arm64 | 1.1.0 | OK | ||||
| r-release-macos-x86_64 | 1.1.0 | 2.00 | 55.00 | 57.00 | OK | |
| r-release-windows-x86_64 | 1.1.0 | 5.00 | 113.00 | 118.00 | OK | |
| r-oldrel-macos-arm64 | 1.1.0 | NOTE | ||||
| r-oldrel-macos-x86_64 | 1.1.0 | 2.00 | 45.00 | 47.00 | NOTE | |
| r-oldrel-windows-x86_64 | 1.1.0 | 6.00 | 60.00 | 66.00 | NOTE |
Version: 1.1.0
Check: installed package size
Result: NOTE
installed size is 5.2Mb
sub-directories of 1Mb or more:
doc 4.7Mb
Flavors: r-oldrel-macos-arm64, r-oldrel-macos-x86_64, r-oldrel-windows-x86_64
Version: 1.1.0
Check: LazyData
Result: NOTE
'LazyData' is specified without a 'data' directory
Flavors: r-oldrel-macos-arm64, r-oldrel-macos-x86_64, r-oldrel-windows-x86_64