Last updated on 2025-11-04 07:50:07 CET.
| Flavor | Version | Tinstall | Tcheck | Ttotal | Status | Flags | 
|---|---|---|---|---|---|---|
| r-devel-linux-x86_64-debian-clang | 1.5-4 | 89.41 | 282.32 | 371.73 | OK | |
| r-devel-linux-x86_64-debian-gcc | 1.5-4 | 58.12 | 176.87 | 234.99 | OK | |
| r-devel-linux-x86_64-fedora-clang | 1.5-4 | 199.00 | 416.17 | 615.17 | OK | |
| r-devel-linux-x86_64-fedora-gcc | 1.5-4 | 175.00 | 403.60 | 578.60 | OK | |
| r-devel-windows-x86_64 | 1.5-4 | 92.00 | 268.00 | 360.00 | OK | |
| r-patched-linux-x86_64 | 1.5-4 | 88.38 | 277.27 | 365.65 | OK | |
| r-release-linux-x86_64 | 1.5-4 | 86.33 | 269.77 | 356.10 | OK | |
| r-release-macos-arm64 | 1.5-4 | 40.00 | 101.00 | 141.00 | OK | |
| r-release-macos-x86_64 | 1.5-4 | 63.00 | 204.00 | 267.00 | OK | |
| r-release-windows-x86_64 | 1.5-4 | 90.00 | 269.00 | 359.00 | OK | |
| r-oldrel-macos-arm64 | 1.5-4 | 37.00 | 104.00 | 141.00 | NOTE | |
| r-oldrel-macos-x86_64 | 1.5-4 | 62.00 | 192.00 | 254.00 | NOTE | |
| r-oldrel-windows-x86_64 | 1.5-4 | 125.00 | 357.00 | 482.00 | NOTE | 
Version: 1.5-4
Check: installed package size
Result: NOTE
    installed size is  7.7Mb
    sub-directories of 1Mb or more:
      R      3.0Mb
      libs   2.5Mb
Flavors: r-oldrel-macos-arm64, r-oldrel-macos-x86_64, r-oldrel-windows-x86_64