Last updated on 2025-11-04 07:50:07 CET.
| Flavor | Version | Tinstall | Tcheck | Ttotal | Status | Flags | 
|---|---|---|---|---|---|---|
| r-devel-linux-x86_64-debian-clang | 2.7.0 | 3.41 | 30.32 | 33.73 | OK | |
| r-devel-linux-x86_64-debian-gcc | 2.7.0 | 2.72 | 23.95 | 26.67 | OK | |
| r-devel-linux-x86_64-fedora-clang | 2.7.0 | 52.42 | OK | |||
| r-devel-linux-x86_64-fedora-gcc | 2.7.0 | 64.80 | OK | |||
| r-devel-windows-x86_64 | 2.7.0 | 35.00 | 230.00 | 265.00 | OK | |
| r-patched-linux-x86_64 | 2.7.0 | 3.00 | 29.25 | 32.25 | OK | |
| r-release-linux-x86_64 | 2.7.0 | 2.82 | 28.94 | 31.76 | OK | |
| r-release-macos-arm64 | 2.7.0 | 12.00 | 97.00 | 109.00 | OK | |
| r-release-macos-x86_64 | 2.7.0 | 15.00 | 114.00 | 129.00 | OK | |
| r-release-windows-x86_64 | 2.7.0 | 37.00 | 236.00 | 273.00 | OK | |
| r-oldrel-macos-arm64 | 2.7.0 | 14.00 | 112.00 | 126.00 | NOTE | |
| r-oldrel-macos-x86_64 | 2.7.0 | 13.00 | 113.00 | 126.00 | NOTE | |
| r-oldrel-windows-x86_64 | 2.7.0 | 48.00 | 318.00 | 366.00 | NOTE | 
Version: 2.7.0
Check: installed package size
Result: NOTE
    installed size is 27.5Mb
    sub-directories of 1Mb or more:
      libs  27.1Mb
Flavors: r-oldrel-macos-arm64, r-oldrel-macos-x86_64, r-oldrel-windows-x86_64