Last updated on 2025-11-04 07:50:07 CET.
| Flavor | Version | Tinstall | Tcheck | Ttotal | Status | Flags | 
|---|---|---|---|---|---|---|
| r-devel-linux-x86_64-debian-clang | 1.0.1 | 2.90 | 99.81 | 102.71 | NOTE | |
| r-devel-linux-x86_64-debian-gcc | 1.0.1 | 2.27 | 68.62 | 70.89 | NOTE | |
| r-devel-linux-x86_64-fedora-clang | 1.0.1 | 152.11 | OK | |||
| r-devel-linux-x86_64-fedora-gcc | 1.0.1 | 170.10 | OK | |||
| r-devel-windows-x86_64 | 1.0.1 | 8.00 | 139.00 | 147.00 | OK | |
| r-patched-linux-x86_64 | 1.0.1 | 3.06 | 96.72 | 99.78 | OK | |
| r-release-linux-x86_64 | 1.0.1 | 2.84 | 96.99 | 99.83 | OK | |
| r-release-macos-arm64 | 1.0.1 | 3.00 | 56.00 | 59.00 | OK | |
| r-release-macos-x86_64 | 1.0.1 | 5.00 | 142.00 | 147.00 | OK | |
| r-release-windows-x86_64 | 1.0.1 | 6.00 | 139.00 | 145.00 | OK | |
| r-oldrel-macos-arm64 | 1.0.1 | 2.00 | 56.00 | 58.00 | OK | |
| r-oldrel-macos-x86_64 | 1.0.1 | 4.00 | 99.00 | 103.00 | OK | |
| r-oldrel-windows-x86_64 | 1.0.1 | 8.00 | 182.00 | 190.00 | OK | 
Version: 1.0.1
Check: CRAN incoming feasibility
Result: NOTE
  Maintainer: ‘Peter Hoff <peter.hoff@duke.edu>’
  
  No Authors@R field in DESCRIPTION.
  Please add one, modifying
    Authors@R: c(person(given = "Peter",
                        family = "Hoff",
                        role = c("aut", "cre"),
                        email = "peter.hoff@duke.edu"),
                 person(given = "Alexander",
                        family = "Franks",
                        role = "aut"))
  as necessary.
Flavors: r-devel-linux-x86_64-debian-clang, r-devel-linux-x86_64-debian-gcc