Last updated on 2025-11-25 07:50:09 CET.
| Flavor | Version | Tinstall | Tcheck | Ttotal | Status | Flags |
|---|---|---|---|---|---|---|
| r-devel-linux-x86_64-debian-clang | 0.1.0 | 1.59 | 29.88 | 31.47 | OK | |
| r-devel-linux-x86_64-debian-gcc | 0.1.0 | 0.29 | 2.70 | 2.99 | ERROR | |
| r-devel-linux-x86_64-fedora-clang | 0.1.0 | 2.61 | ERROR | |||
| r-devel-linux-x86_64-fedora-gcc | 0.1.0 | 2.60 | ERROR | |||
| r-devel-windows-x86_64 | 0.1.0 | 4.00 | 47.00 | 51.00 | OK | |
| r-patched-linux-x86_64 | 0.1.0 | 2.04 | 27.33 | 29.37 | OK | |
| r-release-linux-x86_64 | 0.1.0 | 1.93 | 27.50 | 29.43 | OK | |
| r-release-macos-arm64 | 0.1.0 | OK | ||||
| r-release-macos-x86_64 | 0.1.0 | 2.00 | 41.00 | 43.00 | OK | |
| r-release-windows-x86_64 | 0.1.0 | 4.00 | 47.00 | 51.00 | OK | |
| r-oldrel-macos-arm64 | 0.1.0 | OK | ||||
| r-oldrel-macos-x86_64 | 0.1.0 | 2.00 | 37.00 | 39.00 | OK | |
| r-oldrel-windows-x86_64 | 0.1.0 | 4.00 | 53.00 | 57.00 | OK |
Version: 0.1.0
Check: package dependencies
Result: ERROR
Package required but not available: ‘geojsonsf’
See section ‘The DESCRIPTION file’ in the ‘Writing R Extensions’
manual.
Flavors: r-devel-linux-x86_64-debian-gcc, r-devel-linux-x86_64-fedora-clang, r-devel-linux-x86_64-fedora-gcc