Last updated on 2025-11-04 07:50:06 CET.
| Flavor | Version | Tinstall | Tcheck | Ttotal | Status | Flags | 
|---|---|---|---|---|---|---|
| r-devel-linux-x86_64-debian-clang | 3.3-3 | 47.70 | 315.95 | 363.65 | OK | |
| r-devel-linux-x86_64-debian-gcc | 3.3-3 | 34.21 | 217.98 | 252.19 | OK | |
| r-devel-linux-x86_64-fedora-clang | 3.3-3 | 265.00 | 349.50 | 614.50 | OK | |
| r-devel-linux-x86_64-fedora-gcc | 3.3-3 | 110.00 | 469.52 | 579.52 | OK | |
| r-devel-windows-x86_64 | 3.3-3 | 57.00 | 332.00 | 389.00 | OK | |
| r-patched-linux-x86_64 | 3.3-3 | 46.63 | 300.36 | 346.99 | OK | |
| r-release-linux-x86_64 | 3.3-3 | 46.97 | 301.10 | 348.07 | OK | |
| r-release-macos-arm64 | 3.3-3 | 25.00 | 151.00 | 176.00 | OK | |
| r-release-macos-x86_64 | 3.3-3 | 53.00 | 318.00 | 371.00 | OK | |
| r-release-windows-x86_64 | 3.3-3 | 57.00 | 329.00 | 386.00 | OK | |
| r-oldrel-macos-arm64 | 3.3-3 | 19.00 | 135.00 | 154.00 | NOTE | |
| r-oldrel-macos-x86_64 | 3.3-3 | 57.00 | 320.00 | 377.00 | NOTE | |
| r-oldrel-windows-x86_64 | 3.3-3 | 66.00 | 433.00 | 499.00 | NOTE | 
Version: 3.3-3
Check: installed package size
Result: NOTE
    installed size is  9.7Mb
    sub-directories of 1Mb or more:
      doc               1.7Mb
      libs              5.6Mb
      simulationStudy   1.5Mb
Flavors: r-oldrel-macos-arm64, r-oldrel-macos-x86_64, r-oldrel-windows-x86_64