Last updated on 2025-11-04 07:50:06 CET.
| Flavor | Version | Tinstall | Tcheck | Ttotal | Status | Flags | 
|---|---|---|---|---|---|---|
| r-devel-linux-x86_64-debian-clang | 1.4.3 | 8.97 | 191.68 | 200.65 | NOTE | |
| r-devel-linux-x86_64-debian-gcc | 1.4.3 | 6.46 | 122.68 | 129.14 | NOTE | |
| r-devel-linux-x86_64-fedora-clang | 1.4.3 | 21.00 | 287.26 | 308.26 | NOTE | |
| r-devel-linux-x86_64-fedora-gcc | 1.4.3 | 20.00 | 296.84 | 316.84 | NOTE | |
| r-devel-windows-x86_64 | 1.4.3 | 12.00 | 193.00 | 205.00 | NOTE | |
| r-patched-linux-x86_64 | 1.4.3 | 10.62 | 181.37 | 191.99 | NOTE | |
| r-release-linux-x86_64 | 1.4.3 | 7.88 | 178.99 | 186.87 | NOTE | |
| r-release-macos-arm64 | 1.4.3 | 5.00 | 131.00 | 136.00 | NOTE | |
| r-release-macos-x86_64 | 1.4.3 | 8.00 | 167.00 | 175.00 | NOTE | |
| r-release-windows-x86_64 | 1.4.3 | 13.00 | 190.00 | 203.00 | NOTE | |
| r-oldrel-macos-arm64 | 1.4.3 | 5.00 | 77.00 | 82.00 | NOTE | |
| r-oldrel-macos-x86_64 | 1.4.3 | 13.00 | 214.00 | 227.00 | NOTE | |
| r-oldrel-windows-x86_64 | 1.4.3 | 16.00 | 260.00 | 276.00 | NOTE | 
Version: 1.4.3
Check: CRAN incoming feasibility
Result: NOTE
  Maintainer: ‘Aymeric Stamm <aymeric.stamm@math.cnrs.fr>’
  
  Package CITATION file contains call(s) to old-style citEntry().  Please
  use bibentry() instead.
  
  The Description field contains
    package. See Aleman-Gomez et al. (2021) <arXiv:2103.08874> for details
  Please refer to arXiv e-prints via their arXiv DOI <doi:10.48550/arXiv.YYMM.NNNNN>.
Flavors: r-devel-linux-x86_64-debian-clang, r-devel-linux-x86_64-debian-gcc
Version: 1.4.3
Check: Rd files
Result: NOTE
  checkRd: (-1) fData.Rd:22: Lost braces in \itemize; \value handles \item{}{} directly
  checkRd: (-1) fData.Rd:23-24: Lost braces in \itemize; \value handles \item{}{} directly
  checkRd: (-1) fData.Rd:25: Lost braces in \itemize; \value handles \item{}{} directly
  checkRd: (-1) fData.Rd:26: Lost braces in \itemize; \value handles \item{}{} directly
  checkRd: (-1) fData.Rd:27-28: Lost braces in \itemize; \value handles \item{}{} directly
  checkRd: (-1) mfData.Rd:22: Lost braces in \itemize; \value handles \item{}{} directly
  checkRd: (-1) mfData.Rd:23: Lost braces in \itemize; \value handles \item{}{} directly
  checkRd: (-1) mfData.Rd:24-25: Lost braces in \itemize; \value handles \item{}{} directly
  checkRd: (-1) mfData.Rd:26: Lost braces in \itemize; \value handles \item{}{} directly
  checkRd: (-1) mfData.Rd:27: Lost braces in \itemize; \value handles \item{}{} directly
  checkRd: (-1) mfData.Rd:28-29: Lost braces in \itemize; \value handles \item{}{} directly
  checkRd: (-1) outliergram.Rd:45-48: Lost braces in \itemize; meant \describe ?
  checkRd: (-1) outliergram.Rd:49-51: Lost braces in \itemize; meant \describe ?
  checkRd: (-1) outliergram.Rd:52-54: Lost braces in \itemize; meant \describe ?
  checkRd: (-1) outliergram.Rd:55-58: Lost braces in \itemize; meant \describe ?
  checkRd: (-1) outliergram.Rd:59-62: Lost braces in \itemize; meant \describe ?
  checkRd: (-1) outliergram.Rd:63-65: Lost braces in \itemize; meant \describe ?
  checkRd: (-1) outliergram.Rd:66-69: Lost braces in \itemize; meant \describe ?
  checkRd: (-1) outliergram.Rd:70-71: Lost braces in \itemize; meant \describe ?
  checkRd: (-1) outliergram.Rd:94: Lost braces in \itemize; \value handles \item{}{} directly
  checkRd: (-1) outliergram.Rd:95-96: Lost braces in \itemize; \value handles \item{}{} directly
  checkRd: (-1) outliergram.Rd:97: Lost braces in \itemize; \value handles \item{}{} directly
Flavors: r-devel-linux-x86_64-debian-clang, r-devel-linux-x86_64-debian-gcc, r-devel-linux-x86_64-fedora-clang, r-devel-linux-x86_64-fedora-gcc, r-devel-windows-x86_64, r-patched-linux-x86_64, r-release-linux-x86_64, r-release-macos-arm64, r-release-macos-x86_64, r-release-windows-x86_64, r-oldrel-macos-arm64, r-oldrel-macos-x86_64, r-oldrel-windows-x86_64
Version: 1.4.3
Check: installed package size
Result: NOTE
    installed size is  5.2Mb
    sub-directories of 1Mb or more:
      data   2.9Mb
      doc    1.7Mb
Flavors: r-oldrel-macos-arm64, r-oldrel-macos-x86_64, r-oldrel-windows-x86_64