Last updated on 2024-05-09 12:49:22 CEST.
Flavor | Version | Tinstall | Tcheck | Ttotal | Status | Flags |
---|---|---|---|---|---|---|
r-devel-linux-x86_64-debian-clang | 1.1.0 | 4.36 | 52.59 | 56.95 | NOTE | |
r-devel-linux-x86_64-debian-gcc | 1.1.0 | 4.12 | 39.28 | 43.40 | NOTE | |
r-devel-linux-x86_64-fedora-clang | 1.1.0 | 72.31 | NOTE | |||
r-devel-linux-x86_64-fedora-gcc | 1.1.0 | 123.16 | NOTE | |||
r-devel-windows-x86_64 | 1.1.0 | 6.00 | 69.00 | 75.00 | NOTE | |
r-patched-linux-x86_64 | 1.1.0 | 5.69 | 48.67 | 54.36 | NOTE | |
r-release-linux-x86_64 | 1.1.0 | 4.39 | 49.91 | 54.30 | NOTE | |
r-release-macos-arm64 | 1.1.0 | 33.00 | NOTE | |||
r-release-windows-x86_64 | 1.1.0 | 6.00 | 71.00 | 77.00 | NOTE | |
r-oldrel-macos-arm64 | 1.1.0 | 34.00 | NOTE | |||
r-oldrel-macos-x86_64 | 1.1.0 | 46.00 | NOTE | |||
r-oldrel-windows-x86_64 | 1.1.0 | 7.00 | 74.00 | 81.00 | NOTE |
Version: 1.1.0
Check: LazyData
Result: NOTE
'LazyData' is specified without a 'data' directory
Flavors: r-devel-linux-x86_64-debian-clang, r-devel-linux-x86_64-debian-gcc, r-devel-linux-x86_64-fedora-clang, r-devel-linux-x86_64-fedora-gcc, r-devel-windows-x86_64, r-patched-linux-x86_64, r-release-linux-x86_64, r-release-macos-arm64, r-release-windows-x86_64, r-oldrel-macos-arm64, r-oldrel-macos-x86_64, r-oldrel-windows-x86_64