CRAN Package Check Results for Package rliger

Last updated on 2025-06-30 15:49:49 CEST.

Flavor Version Tinstall Tcheck Ttotal Status Flags
r-devel-linux-x86_64-debian-clang 2.2.0 132.51 578.36 710.87 OK
r-devel-linux-x86_64-debian-gcc 2.2.0 90.95 395.28 486.23 OK
r-devel-linux-x86_64-fedora-clang 2.2.0 899.72 OK
r-devel-linux-x86_64-fedora-gcc 2.2.0 887.48 OK
r-devel-windows-x86_64 2.2.0 152.00 596.00 748.00 OK
r-patched-linux-x86_64 OK
r-release-linux-x86_64 2.2.0 125.75 541.70 667.45 OK
r-release-macos-arm64 2.2.0 187.00 OK
r-release-macos-x86_64 2.2.0 390.00 OK
r-release-windows-x86_64 2.2.0 141.00 594.00 735.00 OK
r-oldrel-macos-arm64 2.2.0 219.00 NOTE
r-oldrel-macos-x86_64 2.2.0 433.00 NOTE
r-oldrel-windows-x86_64 2.2.0 180.00 774.00 954.00 OK

Check Details

Version: 2.2.0
Check: package dependencies
Result: NOTE Package suggested but not available for checking: ‘reactome.db’ Flavor: r-oldrel-macos-arm64

Version: 2.2.0
Check: installed package size
Result: NOTE installed size is 11.1Mb sub-directories of 1Mb or more: R 2.1Mb libs 6.9Mb Flavors: r-oldrel-macos-arm64, r-oldrel-macos-x86_64