Last updated on 2025-11-24 07:50:12 CET.
| Flavor | Version | Tinstall | Tcheck | Ttotal | Status | Flags |
|---|---|---|---|---|---|---|
| r-devel-linux-x86_64-debian-clang | 0.1.0 | 1.60 | 19.18 | 20.78 | OK | |
| r-devel-linux-x86_64-debian-gcc | 0.1.0 | 1.26 | 16.29 | 17.55 | OK | |
| r-devel-linux-x86_64-fedora-clang | 0.1.0 | 28.52 | OK | |||
| r-devel-linux-x86_64-fedora-gcc | 0.1.0 | 27.64 | OK | |||
| r-devel-windows-x86_64 | 0.1.0 | 4.00 | 36.00 | 40.00 | OK | |
| r-patched-linux-x86_64 | 0.1.0 | 1.58 | 16.79 | 18.37 | OK | |
| r-release-linux-x86_64 | 0.1.0 | 1.59 | 16.86 | 18.45 | OK | |
| r-release-macos-arm64 | 0.1.0 | OK | ||||
| r-release-macos-x86_64 | 0.1.0 | 2.00 | 30.00 | 32.00 | OK | |
| r-release-windows-x86_64 | 0.1.0 | 3.00 | 41.00 | 44.00 | OK | |
| r-oldrel-macos-arm64 | 0.1.0 | NOTE | ||||
| r-oldrel-macos-x86_64 | 0.1.0 | 1.00 | 21.00 | 22.00 | NOTE | |
| r-oldrel-windows-x86_64 | 0.1.0 | 3.00 | 40.00 | 43.00 | NOTE |
Version: 0.1.0
Check: LazyData
Result: NOTE
'LazyData' is specified without a 'data' directory
Flavors: r-oldrel-macos-arm64, r-oldrel-macos-x86_64, r-oldrel-windows-x86_64