Last updated on 2024-05-12 13:57:01 CEST.
Flavor | Version | Tinstall | Tcheck | Ttotal | Status | Flags |
---|---|---|---|---|---|---|
r-devel-linux-x86_64-debian-clang | 0.3.0 | 4.26 | 33.93 | 38.19 | OK | |
r-devel-linux-x86_64-debian-gcc | 0.3.0 | 2.86 | 25.58 | 28.44 | OK | |
r-devel-linux-x86_64-fedora-clang | 0.3.0 | 46.66 | NOTE | |||
r-devel-linux-x86_64-fedora-gcc | 0.3.0 | 53.73 | NOTE | |||
r-devel-windows-x86_64 | 0.3.0 | 4.00 | 52.00 | 56.00 | OK | |
r-patched-linux-x86_64 | 0.3.0 | 4.83 | 32.01 | 36.84 | OK | |
r-release-linux-x86_64 | 0.3.0 | 2.41 | 32.43 | 34.84 | OK | |
r-release-macos-arm64 | 0.3.0 | 18.00 | OK | |||
r-release-windows-x86_64 | 0.3.0 | 5.00 | 52.00 | 57.00 | OK | |
r-oldrel-macos-arm64 | 0.3.0 | 19.00 | OK | |||
r-oldrel-macos-x86_64 | 0.3.0 | 28.00 | OK | |||
r-oldrel-windows-x86_64 | 0.3.0 | 6.00 | 53.00 | 59.00 | OK |
Version: 0.3.0
Check: dependencies in R code
Result: NOTE
Namespace in Imports field not imported from: ‘R6’
All declared Imports should be used.
Flavors: r-devel-linux-x86_64-fedora-clang, r-devel-linux-x86_64-fedora-gcc